{"id":1045,"date":"2021-06-30T11:35:20","date_gmt":"2021-06-30T09:35:20","guid":{"rendered":"https:\/\/geodev.pl\/?page_id=1045"},"modified":"2026-02-27T12:31:13","modified_gmt":"2026-02-27T11:31:13","slug":"pobor-prob-nns","status":"publish","type":"page","link":"https:\/\/sigmanto.com\/index.php\/pobor-prob-nns\/","title":{"rendered":"Pob\u00f3r pr\u00f3b NNS"},"content":{"rendered":"<p>[tm_pb_section admin_label=&#8221;section&#8221;][tm_pb_row admin_label=&#8221;Row&#8221; make_fullwidth=&#8221;off&#8221; use_custom_width=&#8221;off&#8221; use_grid_padding=&#8221;on&#8221; width_unit=&#8221;on&#8221; padding_mobile=&#8221;off&#8221; custom_margin=&#8221;30px||50px|&#8221; allow_player_pause=&#8221;off&#8221; parallax=&#8221;off&#8221; parallax_method=&#8221;off&#8221; make_equal=&#8221;off&#8221; parallax_1=&#8221;off&#8221; parallax_method_1=&#8221;off&#8221; vertical_alligment_1=&#8221;start&#8221; responsive_laptop_1=&#8221;inherit&#8221; responsive_tablet_1=&#8221;inherit&#8221; responsive_phone_1=&#8221;inherit&#8221; order_laptop_1=&#8221;1&#8243; order_tablet_1=&#8221;1&#8243; order_phone_1=&#8221;1&#8243; column_padding_mobile=&#8221;on&#8221;][tm_pb_column type=&#8221;4_4&#8243;][tm_pb_text admin_label=&#8221;Text&#8221; text_orientation=&#8221;center&#8221; use_border_color=&#8221;off&#8221; border_color=&#8221;#ffffff&#8221; border_style=&#8221;solid&#8221;]<\/p>\n<h2><strong>Pob\u00f3r pr\u00f3b NNS<\/strong><\/h2>\n<p>[\/tm_pb_text][\/tm_pb_column][\/tm_pb_row][tm_pb_row admin_label=&#8221;row&#8221;][tm_pb_column type=&#8221;2_3&#8243;][tm_pb_text admin_label=&#8221;Text&#8221; text_orientation=&#8221;left&#8221; disabled=&#8221;off&#8221; disabled_on=&#8221;off|off|off|off&#8221; use_border_color=&#8221;off&#8221; border_color=&#8221;#ffffff&#8221; border_style=&#8221;solid&#8221;]<\/p>\n<h2>Czym jest pr\u00f3bka NNS?<\/h2>\n<p>Pr\u00f3bka NNS nazywana jest tak\u017ce pr\u00f3bk\u0105 o nienaruszonej strukturze. Specjalistyczna metoda jej pobierania pozwala na uzyskaniu rdzenia gruntu, kt\u00f3rego <strong>struktura nie jest zmieniona i odzwierciedla warunki gruntowe na danej g\u0142\u0119boko\u015bci pod\u0142oza<\/strong>, przez co przeprowadzane na nich badania grunt\u00f3w (zwykle laboratoryjne) s\u0105 bardzo wiarygodne. Niekt\u00f3rzy specjali\u015bci uwa\u017caj\u0105, \u017ce powinny by\u0107 one stosowane zawsze dla cel\u00f3w badawczych pod\u0142o\u017ca gruntowego od II kategorii geotechnicznej. Podczas poboru pr\u00f3bki NNS nale\u017cy bezwzgl\u0119dnie zachowa\u0107 jej:<\/p>\n<ul>\n<li>uziarnienie,<\/li>\n<li>wilgotno\u015b\u0107,<\/li>\n<li>struktur\u0119.<\/li>\n<\/ul>\n<p>Dzi\u0119ki pobieraniu z gleby wysokiej jako\u015bci pr\u00f3b o nienaruszonej strukturze mo\u017ce zosta\u0107 wykonana bardzo szczeg\u00f3\u0142owa <a href=\"\/dokumentacja-badan-podloza-gruntowego\/\">dokumentacja bada\u0144 pod\u0142o\u017ca gruntowego<\/a>.<\/p>\n<h2>Jakie w\u0142a\u015bciwo\u015bci grunt\u00f3w mo\u017cna okre\u015bli\u0107 dzi\u0119ki pr\u00f3bkowaniu NNS?<\/h2>\n<p>Pr\u00f3bkowanie NNS umo\u017cliwia pobranie materia\u0142u gruntu, dzi\u0119ki kt\u00f3remu przeprowadzi\u0107 b\u0119dzie mo\u017cna specjalistyczne badania laboratoryjne grunt\u00f3w. Okre\u015blone mog\u0105 zosta\u0107 m.in.: <strong>parametry wytrzyma\u0142o\u015bciowe i odkszta\u0142ceniowe gruntu, <\/strong><strong>granice konsystencji, zawarto\u015b\u0107 cz\u0119\u015bci organicznych w pobranej pr\u00f3bce oraz jej wodoprzepuszczalno\u015b\u0107<\/strong>. Poznanie tych parametr\u00f3w pozwala na sporz\u0105dzanie wiarygodnej oraz niezwykle przydatnej dokumentacji, kt\u00f3ra mo\u017ce by\u0107 wykorzystana dla zaprojektowania bezpiecznych fundament\u00f3w.<\/p>\n<h2>Jak pobierane s\u0105 pr\u00f3bki NNS?<\/h2>\n<p>Pr\u00f3bki o nienaruszonej strukturze (NNS) bardzo cz\u0119sto pobierane s\u0105 przy u\u017cyciu pr\u00f3bnik\u00f3w, kt\u00f3re wbijane s\u0105 statycznie w grunt w celu uzyskania rdzenia. Nasz pr\u00f3bnik ma 60 cm d\u0142ugo\u015bci i 88,9 mm \u015brednicy co w po\u0142\u0105czeniu z statycznym wciskaniem (nie dynamicznym z pomoc\u0105 m\u0142ota) pozwala osi\u0105gn\u0105\u0107 najwy\u017csz\u0105 klas\u0119 pr\u00f3bki. <a href=\"\/sondowanie-statyczne-cptu\/\">Sondowanie CPTU<\/a> i <a href=\"https:\/\/sigmanto.com\/badania-dylatometryczne-dmt\/\">badania dylatometryczne (DMT)<\/a> mog\u0105 by\u0107 skorelowane z wynikami laboratoryjnymi pr\u00f3b NNS dla osi\u0105gni\u0119cia jeszcze dok\u0142adniejszych parametr\u00f3w.<\/p>\n<h2>Akty prawne, kt\u00f3re dotycz\u0105 pr\u00f3bki gruntu NNS<\/h2>\n<p>Jak wiele prac zwi\u0105zanych z geotechnik\u0105, r\u00f3wnie\u017c pobieranie pr\u00f3b NNS obwarowane jest obostrzeniami, kt\u00f3re na wykonawc\u00f3w us\u0142ug tego typu nak\u0142adaj\u0105 normy. Najwa\u017cniejsz\u0105 norm\u0105, kt\u00f3r\u0105 nale\u017cy zastosowa\u0107 podczas tego typu dzia\u0142a\u0144 jest europejska norma <strong>EUROKOD 7<\/strong> okre\u015blaj\u0105ca pr\u00f3bkowanie geotechniczne (najwi\u0119ksz\u0105 uwag\u0119 nale\u017cy zwr\u00f3ci\u0107 na drug\u0105 cz\u0119\u015b\u0107 aktu). Dodatkowo podczas dzia\u0142a\u0144 nale\u017cy wzi\u0105\u0107 pod uwag\u0119 zasady okre\u015blone w <strong>ISO 22475-1<\/strong> zwi\u0105zane z pobieraniem pr\u00f3bek gruntu oraz w\u00f3d gruntowych do bada\u0144. Wybieraj\u0105c firm\u0119, kt\u00f3ra zajmowa\u0107 b\u0119dzie si\u0119 pobieraniem pr\u00f3b NNS warto zwr\u00f3ci\u0107 uwag\u0119 na to, czy dzia\u0142a zgodnie z opisanymi wy\u017cej przepisami.<\/p>\n<h2>Jak przechowywane s\u0105 pr\u00f3bki NNS wykorzystywane do bada\u0144?<\/h2>\n<p>Pr\u00f3bki NNS przeznaczone do bada\u0144 laboratoryjnych nale\u017cy przechowywa\u0107 w \u015bci\u015ble okre\u015blony spos\u00f3b, aby ich nie zniszczy\u0107. Bezpieczn\u0105 i cz\u0119sto stosowan\u0105 metod\u0105 jest <strong>pozostawienie ich w cylindrze pr\u00f3bnika<\/strong>, kt\u00f3ry zosta\u0142 wykorzystany do ich pobrania. Konieczne jest wyrafinowanie lub zafoliowanie skraj\u00f3w pr\u00f3bnika.<\/p>\n<p>W celu pozyskania bardziej szczeg\u00f3\u0142owych informacji zwi\u0105zanych z pr\u00f3bkami NNS zapraszamy do kontaktu z nasz\u0105 firm\u0105.<\/p>\n<h2>Jakie s\u0105 inne metody pobierania pr\u00f3b gruntu do bada\u0144?<\/h2>\n<p>Pob\u00f3r pr\u00f3b NNS nie jest jedyn\u0105 metod\u0105, kt\u00f3ra mo\u017ce by\u0107 stosowana przez firmy geotechniczne do pozyskiwania materia\u0142\u00f3w do bada\u0144, jednak jest jedn\u0105 z bardziej warto\u015bciowych. W bran\u017cy stosowane jest r\u00f3wnie\u017c <strong>pobieranie pr\u00f3b NU<\/strong> (naturalne uziarnienie), kt\u00f3re pozwala jedynie na poznanie uziarnienia grunt\u00f3w. Pr\u00f3bki przechowywane mog\u0105 by\u0107 w dowolny spos\u00f3b, kt\u00f3ry nie pozwoli na wymieszanie si\u0119 ze sob\u0105 pr\u00f3b oraz ulatnianie si\u0119 ziarnek. Innym sposobem pobierania pr\u00f3bek do bada\u0144 jest <strong>NW<\/strong> (naturalna wilgotno\u015b\u0107), dzi\u0119ki kt\u00f3remu mo\u017cliwe jest poznanie uziarnienia oraz wilgotno\u015bci grunt\u00f3w. Mo\u017cna przechowywa\u0107 je na 2 sposoby \u2013 w s\u0142oiku lub w podw\u00f3jnym worku foliowym.<\/p>\n<p>[\/tm_pb_text][\/tm_pb_column][tm_pb_column type=&quot;1_3&quot;][tm_pb_image admin_label=&quot;Image&quot; show_in_lightbox=&quot;on&quot; url_new_window=&quot;off&quot; use_overlay=&quot;off&quot; animation=&quot;left&quot; sticky=&quot;off&quot; align=&quot;left&quot; force_fullwidth=&quot;off&quot; always_center_on_mobile=&quot;on&quot; use_border_color=&quot;off&quot; border_color=&quot;#ffffff&quot; border_style=&quot;solid&quot; custom_margin=&quot;100px|||&quot; src=&quot;https:\/\/sigmanto.com\/wp-content\/uploads\/2021\/06\/pr%C3%B3bnik-nns.jpg&quot; alt=&quot;Pr\u00f3bnik NNS&quot; title_text=&quot;pob\u00f3r pr\u00f3b NNS&quot;] [\/tm_pb_image][\/tm_pb_column][\/tm_pb_row][tm_pb_row admin_label=&quot;Row&quot; make_fullwidth=&quot;off&quot; use_custom_width=&quot;off&quot; use_grid_padding=&quot;on&quot; width_unit=&quot;on&quot; padding_mobile=&quot;off&quot; custom_margin=&quot;50px|||&quot; allow_player_pause=&quot;off&quot; parallax=&quot;off&quot; parallax_method=&quot;off&quot; make_equal=&quot;off&quot; parallax_1=&quot;off&quot; parallax_method_1=&quot;off&quot; vertical_alligment_1=&quot;start&quot; responsive_laptop_1=&quot;inherit&quot; responsive_tablet_1=&quot;inherit&quot; responsive_phone_1=&quot;inherit&quot; order_laptop_1=&quot;1&quot; order_tablet_1=&quot;1&quot; order_phone_1=&quot;1&quot; column_padding_mobile=&quot;on&quot;][tm_pb_column type=&quot;4_4&quot;][tm_pb_button admin_label=&quot;Button&quot; button_url=&quot;\/kontakt&quot; url_new_window=&quot;on&quot; button_text=&quot;Dowiedz si\u0119 wi\u0119cej pr\u00f3bkach NNS&quot; button_alignment=&quot;left&quot; custom_button=&quot;on&quot; button_letter_spacing=&quot;0&quot; button_use_icon=&quot;default&quot; button_icon_placement=&quot;right&quot; button_on_hover=&quot;on&quot; button_letter_spacing_hover=&quot;0&quot; button_text_size=&quot;25&quot;] [\/tm_pb_button][\/tm_pb_column][\/tm_pb_row][tm_pb_row admin_label=&quot;Row&quot;][\/tm_pb_row][\/tm_pb_section]<\/p>\n","protected":false},"excerpt":{"rendered":"<p>[tm_pb_section admin_label=&#8221;section&#8221;][tm_pb_row admin_label=&#8221;Row&#8221; make_fullwidth=&#8221;off&#8221; use_custom_width=&#8221;off&#8221; use_grid_padding=&#8221;on&#8221; width_unit=&#8221;on&#8221; padding_mobile=&#8221;off&#8221; custom_margin=&#8221;30px||50px|&#8221; allow_player_pause=&#8221;off&#8221; parallax=&#8221;off&#8221; parallax_method=&#8221;off&#8221; make_equal=&#8221;off&#8221; parallax_1=&#8221;off&#8221; parallax_method_1=&#8221;off&#8221; vertical_alligment_1=&#8221;start&#8221; responsive_laptop_1=&#8221;inherit&#8221; responsive_tablet_1=&#8221;inherit&#8221; responsive_phone_1=&#8221;inherit&#8221; order_laptop_1=&#8221;1&#8243; order_tablet_1=&#8221;1&#8243; order_phone_1=&#8221;1&#8243; column_padding_mobile=&#8221;on&#8221;][tm_pb_column type=&#8221;4_4&#8243;][tm_pb_text admin_label=&#8221;Text&#8221; text_orientation=&#8221;center&#8221; use_border_color=&#8221;off&#8221; border_color=&#8221;#ffffff&#8221; border_style=&#8221;solid&#8221;] Pob\u00f3r pr\u00f3b NNS [\/tm_pb_text][\/tm_pb_column][\/tm_pb_row][tm_pb_row admin_label=&#8221;row&#8221;][tm_pb_column type=&#8221;2_3&#8243;][tm_pb_text admin_label=&#8221;Text&#8221; text_orientation=&#8221;left&#8221; disabled=&#8221;off&#8221; disabled_on=&#8221;off|off|off|off&#8221; use_border_color=&#8221;off&#8221; border_color=&#8221;#ffffff&#8221; border_style=&#8221;solid&#8221;] Czym jest pr\u00f3bka NNS? Pr\u00f3bka NNS nazywana jest tak\u017ce pr\u00f3bk\u0105 o nienaruszonej strukturze. [&hellip;]<\/p>\n","protected":false},"author":1,"featured_media":0,"parent":0,"menu_order":0,"comment_status":"closed","ping_status":"closed","template":"","meta":{"footnotes":""},"class_list":["post-1045","page","type-page","status-publish","hentry"],"_links":{"self":[{"href":"https:\/\/sigmanto.com\/index.php\/wp-json\/wp\/v2\/pages\/1045","targetHints":{"allow":["GET"]}}],"collection":[{"href":"https:\/\/sigmanto.com\/index.php\/wp-json\/wp\/v2\/pages"}],"about":[{"href":"https:\/\/sigmanto.com\/index.php\/wp-json\/wp\/v2\/types\/page"}],"author":[{"embeddable":true,"href":"https:\/\/sigmanto.com\/index.php\/wp-json\/wp\/v2\/users\/1"}],"replies":[{"embeddable":true,"href":"https:\/\/sigmanto.com\/index.php\/wp-json\/wp\/v2\/comments?post=1045"}],"version-history":[{"count":1,"href":"https:\/\/sigmanto.com\/index.php\/wp-json\/wp\/v2\/pages\/1045\/revisions"}],"predecessor-version":[{"id":1839,"href":"https:\/\/sigmanto.com\/index.php\/wp-json\/wp\/v2\/pages\/1045\/revisions\/1839"}],"wp:attachment":[{"href":"https:\/\/sigmanto.com\/index.php\/wp-json\/wp\/v2\/media?parent=1045"}],"curies":[{"name":"wp","href":"https:\/\/api.w.org\/{rel}","templated":true}]}}