{"id":1588,"date":"2024-04-03T16:54:59","date_gmt":"2024-04-03T14:54:59","guid":{"rendered":"https:\/\/geodev.pl\/?page_id=1588"},"modified":"2026-02-27T12:31:12","modified_gmt":"2026-02-27T11:31:12","slug":"badanie-plyta-dynamiczna-lpd","status":"publish","type":"page","link":"https:\/\/sigmanto.com\/index.php\/badanie-plyta-dynamiczna-lpd\/","title":{"rendered":"Badanie p\u0142yt\u0105 dynamiczn\u0105 LPD"},"content":{"rendered":"<p>[tm_pb_section admin_label=&#8221;section&#8221;][tm_pb_row admin_label=&#8221;row&#8221;][tm_pb_column type=&#8221;2_3&#8243;][tm_pb_text admin_label=&#8221;Text&#8221; text_orientation=&#8221;left&#8221; use_border_color=&#8221;off&#8221; border_color=&#8221;#ffffff&#8221; border_style=&#8221;solid&#8221;]<\/p>\n<p><strong>Badanie p\u0142yt\u0105 dynamiczn\u0105<\/strong> wykonujemy urz\u0105dzeniem niemieckiej marki Terratest (model 6000) z systemem Bluetooth oraz odbiornikiem GPS, kt\u00f3re umo\u017cliwiaj\u0105 przesy\u0142anie wynik\u00f3w bada\u0144 wraz ze wsp\u00f3\u0142rz\u0119dnymi badania od razu po jego wykonaniu z poziomu np. telefonu kom\u00f3rkowego (opr\u00f3cz tradycyjnego wydruku z drukarki terenowej). Badanie wykonuje si\u0119 w celu kontroli jako\u015bci zag\u0119szczenia podsypki pod fundamenty lub r\u00f3\u017cnego rodzaju zasypek &#8211; np. przy murach oporowych, budowie kanalizacji itp. i trwa dos\u0142ownie minut\u0119. Badanie p\u0142yt\u0105 dynamiczn\u0105 stosuje si\u0119 tak\u017ce podczas kontroli nasyp\u00f3w drogowych.<\/p>\n<p>Badanie p\u0142yt\u0105 dynamiczn\u0105 polega na wykonaniu serii uderze\u0144 ci\u0119\u017carem 10 kg o p\u0142yt\u0119 obci\u0105\u017caj\u0105c\u0105 o \u015brednicy 300 mm z precyzyjnymi czujnikami przyspieszenia.\u00a0<\/p>\n<p>Urz\u0105dzenie jest zgodnie z \u201eTechnicznymi przepisami kontrolnymi dla gruntu i ska\u0142 w budownictwie drogowym<br \/>\nTP BF-StB cz\u0119\u015b\u0107 B 8.3\u201d Federalnego Urz\u0119du Drogownictwa (BASt)<\/p>\n<p>Badanie jest uznawane przez:<br \/>\n\u2013 ASTM E2835-11 International Standard USA<br \/>\n\u2013 normy bran\u017cowe ZTV E 2009 i ZTV A 2012<br \/>\n\u2013 RIL 836 Deutsche Bahn AG kolei niemieckich<br \/>\n\u2013 austriack\u0105 norm\u0119 RVS 08.03.04 Spanish standard UNE 103807-2: 2008\u00a0<\/p>\n<p>Badanie od lat stosowane jest na polskich budowach. Do wynik\u00f3w do\u0142\u0105czamy dokument kalibracji p\u0142yty, kt\u00f3ry z uwagi na precyzj\u0119 badania jest istotn\u0105 warto\u015bci\u0105 dodan\u0105 do badania.\u00a0<\/p>\n<p>\u00a0<\/p>\n<p>\u00a0<\/p>\n<p>\u00a0<\/p>\n<p>[\/tm_pb_text][\/tm_pb_column][tm_pb_column type=&quot;1_3&quot;][tm_pb_image admin_label=&quot;P\u0142yta dynamiczna&quot; src=&quot;https:\/\/sigmanto.com\/wp-content\/uploads\/2024\/04\/Zrzut-ekranu-2024-04-3-o-16.39.01.png&quot; show_in_lightbox=&quot;on&quot; url_new_window=&quot;off&quot; use_overlay=&quot;off&quot; animation=&quot;left&quot; sticky=&quot;off&quot; align=&quot;left&quot; force_fullwidth=&quot;off&quot; always_center_on_mobile=&quot;on&quot; use_border_color=&quot;off&quot; border_color=&quot;#ffffff&quot; border_style=&quot;solid&quot;] [\/tm_pb_image][\/tm_pb_column][\/tm_pb_row][\/tm_pb_section]<\/p>\n","protected":false},"excerpt":{"rendered":"<p>[tm_pb_section admin_label=&#8221;section&#8221;][tm_pb_row admin_label=&#8221;row&#8221;][tm_pb_column type=&#8221;2_3&#8243;][tm_pb_text admin_label=&#8221;Text&#8221; text_orientation=&#8221;left&#8221; use_border_color=&#8221;off&#8221; border_color=&#8221;#ffffff&#8221; border_style=&#8221;solid&#8221;] Badanie p\u0142yt\u0105 dynamiczn\u0105 wykonujemy urz\u0105dzeniem niemieckiej marki Terratest (model 6000) z systemem Bluetooth oraz odbiornikiem GPS, kt\u00f3re umo\u017cliwiaj\u0105 przesy\u0142anie wynik\u00f3w bada\u0144 wraz ze wsp\u00f3\u0142rz\u0119dnymi badania od razu po jego wykonaniu z poziomu np. telefonu kom\u00f3rkowego (opr\u00f3cz tradycyjnego wydruku z drukarki terenowej). Badanie wykonuje si\u0119 w celu [&hellip;]<\/p>\n","protected":false},"author":2,"featured_media":1592,"parent":0,"menu_order":0,"comment_status":"closed","ping_status":"closed","template":"","meta":{"footnotes":""},"class_list":["post-1588","page","type-page","status-publish","has-post-thumbnail","hentry"],"_links":{"self":[{"href":"https:\/\/sigmanto.com\/index.php\/wp-json\/wp\/v2\/pages\/1588","targetHints":{"allow":["GET"]}}],"collection":[{"href":"https:\/\/sigmanto.com\/index.php\/wp-json\/wp\/v2\/pages"}],"about":[{"href":"https:\/\/sigmanto.com\/index.php\/wp-json\/wp\/v2\/types\/page"}],"author":[{"embeddable":true,"href":"https:\/\/sigmanto.com\/index.php\/wp-json\/wp\/v2\/users\/2"}],"replies":[{"embeddable":true,"href":"https:\/\/sigmanto.com\/index.php\/wp-json\/wp\/v2\/comments?post=1588"}],"version-history":[{"count":1,"href":"https:\/\/sigmanto.com\/index.php\/wp-json\/wp\/v2\/pages\/1588\/revisions"}],"predecessor-version":[{"id":1823,"href":"https:\/\/sigmanto.com\/index.php\/wp-json\/wp\/v2\/pages\/1588\/revisions\/1823"}],"wp:featuredmedia":[{"embeddable":true,"href":"https:\/\/sigmanto.com\/index.php\/wp-json\/"}],"wp:attachment":[{"href":"https:\/\/sigmanto.com\/index.php\/wp-json\/wp\/v2\/media?parent=1588"}],"curies":[{"name":"wp","href":"https:\/\/api.w.org\/{rel}","templated":true}]}}