{"id":1707,"date":"2025-02-18T22:29:12","date_gmt":"2025-02-18T21:29:12","guid":{"rendered":"https:\/\/geodev.pl\/?page_id=1707"},"modified":"2026-02-27T12:31:12","modified_gmt":"2026-02-27T11:31:12","slug":"inklinometr-sisgeo-b-r-a-i-n","status":"publish","type":"page","link":"https:\/\/sigmanto.com\/index.php\/inklinometr-sisgeo-b-r-a-i-n\/","title":{"rendered":"Inklinometr SISGEO B.R.A.I.N."},"content":{"rendered":"<p>[tm_pb_section admin_label=&quot;section&quot;][tm_pb_row admin_label=&quot;row&quot;][tm_pb_column type=&quot;1_3&quot;][tm_pb_image admin_label=&quot;Image&quot; src=&quot;https:\/\/sigmanto.com\/wp-content\/uploads\/2025\/02\/Zrzut-ekranu-2025-02-18-o-22.27.48.png&quot; show_in_lightbox=&quot;on&quot; url_new_window=&quot;off&quot; use_overlay=&quot;on&quot; animation=&quot;left&quot; sticky=&quot;off&quot; align=&quot;left&quot; force_fullwidth=&quot;off&quot; always_center_on_mobile=&quot;on&quot; use_border_color=&quot;off&quot; border_color=&quot;#ffffff&quot; border_style=&quot;solid&quot;] [\/tm_pb_image][\/tm_pb_column][tm_pb_column type=&quot;2_3&quot;][tm_pb_text admin_label=&quot;Text&quot; text_orientation=&quot;left&quot; use_border_color=&quot;off&quot; border_color=&quot;#ffffff&quot; border_style=&quot;solid&quot;]<\/p>\n<h2>Co oznaczaj\u0105 badania inklinometryczne?<\/h2>\n<p>[\/tm_pb_text][tm_pb_text admin_label=&#8221;Text&#8221; text_orientation=&#8221;left&#8221; use_border_color=&#8221;off&#8221; border_color=&#8221;#ffffff&#8221; border_style=&#8221;solid&#8221;]<\/p>\n<p>Badania inklinometrem wykonuje si\u0119 w celu dok\u0142adnego \u015bledzenia zmian przemieszcze\u0144 gruntu w skarpach lub osuwiskach. W tym celu instaluje si\u0119 specjaln\u0105 kolumn\u0119 rur inklinometrycznych o odpowiedniej orientacji wzgl\u0119dem deformacji i prowadzi si\u0119 systematyczne pomiary ich odchylenia. Pomiary pozwalaj\u0105 na interpretacj\u0119 zasi\u0119gu g\u0142\u0119boko\u015bciowego osuwiska, a przy wi\u0119kszej ilo\u015bci instalacji &#8211; na okre\u015blenie bilansu mas zsuwaj\u0105cych si\u0119.<\/p>\n<p>[\/tm_pb_text][tm_pb_text admin_label=&#8221;Text&#8221; text_orientation=&#8221;left&#8221; use_border_color=&#8221;off&#8221; border_color=&#8221;#ffffff&#8221; border_style=&#8221;solid&#8221;]<\/p>\n<h2>Nasze rozwi\u0105zanie? Inklinometr B.R.A.IN MEMS firmy SISGEO.<\/h2>\n<p>[\/tm_pb_text][tm_pb_text admin_label=&#8221;Text&#8221; text_orientation=&#8221;left&#8221; use_border_color=&#8221;off&#8221; border_color=&#8221;#ffffff&#8221; border_style=&#8221;solid&#8221;]<\/p>\n<p>To nowoczesny system pomiarowy pochodz\u0105cej z W\u0142och firmy SISGEO. System pozwala na bie\u017c\u0105cy i bezprzewodowy pomiar o powtarzalno\u015bci pomiaru 0,0009\u00b0.&nbsp;<\/p>\n<p>Przyk\u0142adowe zastosowanie systemu:<\/p>\n<ul>\n<li>osuwiska i skarpy,<\/li>\n<li>tamy i nasypy,<\/li>\n<li>obudowy wykop\u00f3w,<\/li>\n<li>tunele,&nbsp;<\/li>\n<li>g\u0142\u0119bokie wykopy w kopalniach,<\/li>\n<li>zbiorniki LNG.<\/li>\n<\/ul>\n<p>Urz\u0105dzenie mo\u017ce zosta\u0107 po\u0142\u0105czone z chmur\u0105 i przesy\u0142a\u0107 na bie\u017c\u0105co wykonane pomiary w celu ich analizy.<\/p>\n<p>[\/tm_pb_text][\/tm_pb_column][\/tm_pb_row][\/tm_pb_section]<\/p>\n","protected":false},"excerpt":{"rendered":"<p>[tm_pb_section admin_label=&quot;section&quot;][tm_pb_row admin_label=&quot;row&quot;][tm_pb_column type=&quot;1_3&quot;][tm_pb_image admin_label=&quot;Image&quot; src=&quot;https:\/\/sigmanto.com\/wp-content\/uploads\/2025\/02\/Zrzut-ekranu-2025-02-18-o-22.27.48.png&quot; show_in_lightbox=&quot;on&quot; url_new_window=&quot;off&quot; use_overlay=&quot;on&quot; animation=&quot;left&quot; sticky=&quot;off&quot; align=&quot;left&quot; force_fullwidth=&quot;off&quot; always_center_on_mobile=&quot;on&quot; use_border_color=&quot;off&quot; border_color=&quot;#ffffff&quot; border_style=&quot;solid&quot;] [\/tm_pb_image][\/tm_pb_column][tm_pb_column type=&quot;2_3&quot;][tm_pb_text admin_label=&quot;Text&quot; text_orientation=&quot;left&quot; use_border_color=&quot;off&quot; border_color=&quot;#ffffff&quot; border_style=&quot;solid&quot;] Co oznaczaj\u0105 badania inklinometryczne? [\/tm_pb_text][tm_pb_text admin_label=&#8221;Text&#8221; text_orientation=&#8221;left&#8221; use_border_color=&#8221;off&#8221; border_color=&#8221;#ffffff&#8221; border_style=&#8221;solid&#8221;] Badania inklinometrem wykonuje si\u0119 w celu dok\u0142adnego \u015bledzenia zmian przemieszcze\u0144 gruntu w skarpach lub osuwiskach. W tym celu instaluje si\u0119 specjaln\u0105 [&hellip;]<\/p>\n","protected":false},"author":2,"featured_media":0,"parent":0,"menu_order":0,"comment_status":"closed","ping_status":"closed","template":"","meta":{"footnotes":""},"class_list":["post-1707","page","type-page","status-publish","hentry"],"_links":{"self":[{"href":"https:\/\/sigmanto.com\/index.php\/wp-json\/wp\/v2\/pages\/1707","targetHints":{"allow":["GET"]}}],"collection":[{"href":"https:\/\/sigmanto.com\/index.php\/wp-json\/wp\/v2\/pages"}],"about":[{"href":"https:\/\/sigmanto.com\/index.php\/wp-json\/wp\/v2\/types\/page"}],"author":[{"embeddable":true,"href":"https:\/\/sigmanto.com\/index.php\/wp-json\/wp\/v2\/users\/2"}],"replies":[{"embeddable":true,"href":"https:\/\/sigmanto.com\/index.php\/wp-json\/wp\/v2\/comments?post=1707"}],"version-history":[{"count":1,"href":"https:\/\/sigmanto.com\/index.php\/wp-json\/wp\/v2\/pages\/1707\/revisions"}],"predecessor-version":[{"id":1832,"href":"https:\/\/sigmanto.com\/index.php\/wp-json\/wp\/v2\/pages\/1707\/revisions\/1832"}],"wp:attachment":[{"href":"https:\/\/sigmanto.com\/index.php\/wp-json\/wp\/v2\/media?parent=1707"}],"curies":[{"name":"wp","href":"https:\/\/api.w.org\/{rel}","templated":true}]}}