{"id":76,"date":"2019-07-17T13:03:17","date_gmt":"2019-07-17T11:03:17","guid":{"rendered":"http:\/\/geodev.pl\/?page_id=76"},"modified":"2026-02-27T12:31:12","modified_gmt":"2026-02-27T11:31:12","slug":"o-firmie","status":"publish","type":"page","link":"https:\/\/sigmanto.com\/index.php\/o-firmie\/","title":{"rendered":"Czym si\u0119 zajmujemy | O firmie"},"content":{"rendered":"<p>[tm_pb_section admin_label=&#8221;section&#8221; transparent_background=&#8221;on&#8221; allow_player_pause=&#8221;off&#8221; inner_shadow=&#8221;off&#8221; parallax=&#8221;off&#8221; parallax_method=&#8221;off&#8221; custom_padding=&#8221;0px|||&#8221; make_fullwidth=&#8221;off&#8221; use_custom_width=&#8221;off&#8221; width_unit=&#8221;on&#8221; make_equal=&#8221;off&#8221; use_custom_gutter=&#8221;off&#8221;][tm_pb_row admin_label=&#8221;Row&#8221; make_fullwidth=&#8221;off&#8221; use_custom_width=&#8221;off&#8221; use_grid_padding=&#8221;on&#8221; width_unit=&#8221;on&#8221; padding_mobile=&#8221;off&#8221; custom_margin=&#8221;30px|||&#8221; allow_player_pause=&#8221;off&#8221; parallax=&#8221;off&#8221; parallax_method=&#8221;off&#8221; make_equal=&#8221;off&#8221; parallax_1=&#8221;off&#8221; parallax_method_1=&#8221;off&#8221; vertical_alligment_1=&#8221;start&#8221; responsive_laptop_1=&#8221;inherit&#8221; responsive_tablet_1=&#8221;inherit&#8221; responsive_phone_1=&#8221;inherit&#8221; order_laptop_1=&#8221;1&#8243; order_tablet_1=&#8221;1&#8243; order_phone_1=&#8221;1&#8243; column_padding_mobile=&#8221;on&#8221; custom_padding=&#8221;|2px||2px&#8221; custom_padding_last_edited=&#8221;on|phone&#8221;][tm_pb_column type=&#8221;4_4&#8243;][tm_pb_text admin_label=&#8221;Text&#8221; text_orientation=&#8221;center&#8221; use_border_color=&#8221;off&#8221; border_color=&#8221;#ffffff&#8221; border_style=&#8221;solid&#8221; module_class=&#8221;dark&#8221;]<\/p>\n<h2>Us\u0142ugi geologiczne na \u015al\u0105sku<\/h2>\n<p>[\/tm_pb_text][\/tm_pb_column][\/tm_pb_row][tm_pb_row admin_label=&#8221;Row&#8221; make_fullwidth=&#8221;off&#8221; use_custom_width=&#8221;off&#8221; use_grid_padding=&#8221;on&#8221; width_unit=&#8221;on&#8221; padding_mobile=&#8221;off&#8221; custom_margin=&#8221;60px|||&#8221; allow_player_pause=&#8221;off&#8221; parallax=&#8221;off&#8221; parallax_method=&#8221;off&#8221; make_equal=&#8221;off&#8221; parallax_1=&#8221;off&#8221; parallax_method_1=&#8221;off&#8221; vertical_alligment_1=&#8221;start&#8221; responsive_laptop_1=&#8221;inherit&#8221; responsive_tablet_1=&#8221;inherit&#8221; responsive_phone_1=&#8221;inherit&#8221; order_laptop_1=&#8221;1&#8243; order_tablet_1=&#8221;1&#8243; order_phone_1=&#8221;1&#8243; column_padding_mobile=&#8221;on&#8221; custom_padding=&#8221;|2px||2px&#8221; custom_padding_last_edited=&#8221;on|phone&#8221;][tm_pb_column type=&#8221;4_4&#8243;][tm_pb_text admin_label=&#8221;Text&#8221; text_orientation=&#8221;center&#8221; use_border_color=&#8221;off&#8221; border_color=&#8221;#ffffff&#8221; border_style=&#8221;solid&#8221;]<\/p>\n<h3>O GEODEV<\/h3>\n<p>[\/tm_pb_text][\/tm_pb_column][\/tm_pb_row][tm_pb_row admin_label=&#8221;Row&#8221; make_fullwidth=&#8221;off&#8221; use_custom_width=&#8221;off&#8221; use_grid_padding=&#8221;on&#8221; width_unit=&#8221;on&#8221; padding_mobile=&#8221;off&#8221; allow_player_pause=&#8221;off&#8221; parallax=&#8221;off&#8221; parallax_method=&#8221;off&#8221; make_equal=&#8221;off&#8221; parallax_1=&#8221;off&#8221; parallax_method_1=&#8221;off&#8221; vertical_alligment_1=&#8221;start&#8221; responsive_laptop_1=&#8221;inherit&#8221; responsive_tablet_1=&#8221;inherit&#8221; responsive_phone_1=&#8221;inherit&#8221; order_laptop_1=&#8221;1&#8243; order_tablet_1=&#8221;1&#8243; order_phone_1=&#8221;1&#8243; parallax_2=&#8221;off&#8221; parallax_method_2=&#8221;off&#8221; vertical_alligment_2=&#8221;start&#8221; responsive_laptop_2=&#8221;inherit&#8221; responsive_tablet_2=&#8221;inherit&#8221; responsive_phone_2=&#8221;inherit&#8221; order_laptop_2=&#8221;2&#8243; order_tablet_2=&#8221;2&#8243; order_phone_2=&#8221;2&#8243; column_padding_mobile=&#8221;on&#8221; custom_margin=&#8221;30px||50px|&#8221;][tm_pb_column type=&#8221;2_3&#8243;][tm_pb_text admin_label=&#8221;Text&#8221; text_orientation=&#8221;justified&#8221; use_border_color=&#8221;off&#8221; border_color=&#8221;#ffffff&#8221; border_style=&#8221;solid&#8221; custom_margin=&#8221;||20px|&#8221;]<\/p>\n<p>Razem tworzymy firm\u0119, kt\u00f3ra sta\u0142a si\u0119 regionalnym liderem w zakresie bada\u0144 geotechnicznych. W ci\u0105gu kilku lat, inwestycje w wiedz\u0119 i sprz\u0119t da\u0142y nam mo\u017cliwo\u015b\u0107 zaoferowania Pa\u0144stwu szereg us\u0142ug badawczych, kt\u00f3re s\u0105 wykorzystywane nie tylko w prostych, analitycznych obliczeniach, ale tak\u017ce w skomplikowanych analizach numerycznych. Nasze badania z powodzeniem s\u0105 stosowane w optymalizacjach rozwi\u0105za\u0144 geotechnicznych w ca\u0142ej Polsce \u2014 od rozwi\u0105za\u0144 posadowienia do wzmocnie\u0144 skarp i osuwisk. Wsp\u00f3lnie tworzymy zesp\u00f3\u0142 z szerok\u0105 wiedz\u0105 z zakresu geologii, geotechniki i budownictwa co przek\u0142ada si\u0119 na ko\u0144cowy efekt opracowa\u0144. Specjalizujemy si\u0119 w badaniach pod posadowienia obiekt\u00f3w kubaturowych i liniowych, szczeg\u00f3lnie w z\u0142o\u017conych i skomplikowanych warunkach gruntowych stosuj\u0105c zaawansowane pomiary polowe (CPTU, DMT, SDMT lub SPDMT, FVT, inklinometry, piezometry), a tak\u017ce badania laboratoryjne, takie jak badania tr\u00f3josiowe TXCD z wyznaczaniem Eur i E0, badanie tr\u00f3josiowe TXCU lub TXUU, edometryczne, kolumny rezonansowe, wsp\u00f3\u0142czynniki filtracji metod\u0105 backpressure itp. Tworzymy w\u0142asne bazy danych parametr\u00f3w geotechnicznych, kt\u00f3re mo\u017cemy wykorzysta\u0107 w podobnych realizacjach. To tylko jedne z wielu powod\u00f3w, dla kt\u00f3rych warto nam zaufa\u0107.<\/p>\n<p>[\/tm_pb_text][tm_pb_text admin_label=&#8221;Text&#8221; text_orientation=&#8221;justified&#8221; use_border_color=&#8221;off&#8221; border_color=&#8221;#ffffff&#8221; border_style=&#8221;solid&#8221;]<\/p>\n<p style=\"text-align: right;\">Z powa\u017caniem<\/p>\n<p style=\"text-align: right;\"><img loading=\"lazy\" decoding=\"async\" class=\"alignnone size-medium wp-image-212\" src=\"https:\/\/sigmanto.com\/wp-content\/uploads\/2026\/02\/podpis.png\" alt=\"\" width=\"164\" height=\"54\"><\/p>\n<p style=\"text-align: right;\">W\u0142a\u015bciciel<\/p>\n<p>[\/tm_pb_text][\/tm_pb_column][tm_pb_column type=&#8221;1_3&#8243;][tm_pb_image admin_label=&#8221;Image&#8221; src=&#8221;http:\/\/geodev.pl\/wp-content\/uploads\/2020\/06\/geolog_patryk_karolczyk.jpg&#8221; show_in_lightbox=&#8221;off&#8221; url_new_window=&#8221;off&#8221; use_overlay=&#8221;off&#8221; animation=&#8221;fade_in&#8221; sticky=&#8221;off&#8221; align=&#8221;center&#8221; force_fullwidth=&#8221;off&#8221; always_center_on_mobile=&#8221;on&#8221; use_border_color=&#8221;off&#8221; border_color=&#8221;#ffffff&#8221; border_style=&#8221;solid&#8221; alt=&#8221;Geolog Patryk Karolczyk&#8221;] [\/tm_pb_image][\/tm_pb_column][\/tm_pb_row][tm_pb_row admin_label=&#8221;Row&#8221;][tm_pb_column type=&#8221;4_4&#8243;][tm_pb_text admin_label=&#8221;Text&#8221; text_orientation=&#8221;center&#8221; use_border_color=&#8221;off&#8221; border_color=&#8221;#ffffff&#8221; border_style=&#8221;solid&#8221;]<\/p>\n<h2>GEOLOG &#8211; UPRAWNIENIA<\/h2>\n<p>[\/tm_pb_text][\/tm_pb_column][\/tm_pb_row][tm_pb_row admin_label=&quot;Row&quot;][tm_pb_column type=&quot;1_2&quot;][tm_pb_image admin_label=&quot;Image&quot; src=&quot;http:\/\/geodev.pl\/wp-content\/uploads\/2020\/06\/VII-uprawnienia.jpg&quot; show_in_lightbox=&quot;on&quot; url_new_window=&quot;off&quot; use_overlay=&quot;off&quot; animation=&quot;off&quot; sticky=&quot;off&quot; align=&quot;center&quot; force_fullwidth=&quot;off&quot; always_center_on_mobile=&quot;on&quot; use_border_color=&quot;off&quot; border_color=&quot;#ffffff&quot; border_style=&quot;solid&quot;] [\/tm_pb_image][tm_pb_image admin_label=&quot;Image&quot; src=&quot;https:\/\/sigmanto.com\/wp-content\/uploads\/2023\/07\/img9-scaled.jpg&quot; show_in_lightbox=&quot;on&quot; url_new_window=&quot;off&quot; use_overlay=&quot;off&quot; animation=&quot;off&quot; sticky=&quot;off&quot; align=&quot;center&quot; force_fullwidth=&quot;off&quot; always_center_on_mobile=&quot;on&quot; use_border_color=&quot;off&quot; border_color=&quot;#ffffff&quot; border_style=&quot;solid&quot;] [\/tm_pb_image][tm_pb_image admin_label=&quot;Image&quot; src=&quot;https:\/\/sigmanto.com\/wp-content\/uploads\/2023\/07\/SDMT-training-Certificate_Karolczyk_page-0001.jpg&quot; show_in_lightbox=&quot;on&quot; url_new_window=&quot;off&quot; use_overlay=&quot;off&quot; animation=&quot;off&quot; sticky=&quot;off&quot; align=&quot;center&quot; force_fullwidth=&quot;off&quot; always_center_on_mobile=&quot;on&quot; use_border_color=&quot;off&quot; border_color=&quot;#ffffff&quot; border_style=&quot;solid&quot;] [\/tm_pb_image][\/tm_pb_column][tm_pb_column type=&quot;1_2&quot;][tm_pb_image admin_label=&quot;Image&quot; src=&quot;http:\/\/geodev.pl\/wp-content\/uploads\/2020\/06\/XIII-uprawnienia.jpg&quot; show_in_lightbox=&quot;on&quot; url_new_window=&quot;off&quot; use_overlay=&quot;off&quot; animation=&quot;off&quot; sticky=&quot;off&quot; align=&quot;center&quot; force_fullwidth=&quot;off&quot; always_center_on_mobile=&quot;on&quot; use_border_color=&quot;off&quot; border_color=&quot;#ffffff&quot; border_style=&quot;solid&quot;] [\/tm_pb_image][tm_pb_image admin_label=&quot;Image&quot; src=&quot;https:\/\/sigmanto.com\/wp-content\/uploads\/2023\/07\/img16-scaled.jpg&quot; show_in_lightbox=&quot;on&quot; url_new_window=&quot;off&quot; use_overlay=&quot;off&quot; animation=&quot;off&quot; sticky=&quot;off&quot; align=&quot;center&quot; force_fullwidth=&quot;off&quot; always_center_on_mobile=&quot;on&quot; use_border_color=&quot;off&quot; border_color=&quot;#ffffff&quot; border_style=&quot;solid&quot;] [\/tm_pb_image][\/tm_pb_column][\/tm_pb_row][\/tm_pb_section]<\/p>\n","protected":false},"excerpt":{"rendered":"<p>[tm_pb_section admin_label=&#8221;section&#8221; transparent_background=&#8221;on&#8221; allow_player_pause=&#8221;off&#8221; inner_shadow=&#8221;off&#8221; parallax=&#8221;off&#8221; parallax_method=&#8221;off&#8221; custom_padding=&#8221;0px|||&#8221; make_fullwidth=&#8221;off&#8221; use_custom_width=&#8221;off&#8221; width_unit=&#8221;on&#8221; make_equal=&#8221;off&#8221; use_custom_gutter=&#8221;off&#8221;][tm_pb_row admin_label=&#8221;Row&#8221; make_fullwidth=&#8221;off&#8221; use_custom_width=&#8221;off&#8221; use_grid_padding=&#8221;on&#8221; width_unit=&#8221;on&#8221; padding_mobile=&#8221;off&#8221; custom_margin=&#8221;30px|||&#8221; allow_player_pause=&#8221;off&#8221; parallax=&#8221;off&#8221; parallax_method=&#8221;off&#8221; make_equal=&#8221;off&#8221; parallax_1=&#8221;off&#8221; parallax_method_1=&#8221;off&#8221; vertical_alligment_1=&#8221;start&#8221; responsive_laptop_1=&#8221;inherit&#8221; responsive_tablet_1=&#8221;inherit&#8221; responsive_phone_1=&#8221;inherit&#8221; order_laptop_1=&#8221;1&#8243; order_tablet_1=&#8221;1&#8243; order_phone_1=&#8221;1&#8243; column_padding_mobile=&#8221;on&#8221; custom_padding=&#8221;|2px||2px&#8221; custom_padding_last_edited=&#8221;on|phone&#8221;][tm_pb_column type=&#8221;4_4&#8243;][tm_pb_text admin_label=&#8221;Text&#8221; text_orientation=&#8221;center&#8221; use_border_color=&#8221;off&#8221; border_color=&#8221;#ffffff&#8221; border_style=&#8221;solid&#8221; module_class=&#8221;dark&#8221;] Us\u0142ugi geologiczne na \u015al\u0105sku [\/tm_pb_text][\/tm_pb_column][\/tm_pb_row][tm_pb_row admin_label=&#8221;Row&#8221; make_fullwidth=&#8221;off&#8221; use_custom_width=&#8221;off&#8221; use_grid_padding=&#8221;on&#8221; width_unit=&#8221;on&#8221; padding_mobile=&#8221;off&#8221; custom_margin=&#8221;60px|||&#8221; [&hellip;]<\/p>\n","protected":false},"author":1,"featured_media":0,"parent":0,"menu_order":0,"comment_status":"closed","ping_status":"closed","template":"","meta":{"footnotes":""},"class_list":["post-76","page","type-page","status-publish","hentry"],"_links":{"self":[{"href":"https:\/\/sigmanto.com\/index.php\/wp-json\/wp\/v2\/pages\/76","targetHints":{"allow":["GET"]}}],"collection":[{"href":"https:\/\/sigmanto.com\/index.php\/wp-json\/wp\/v2\/pages"}],"about":[{"href":"https:\/\/sigmanto.com\/index.php\/wp-json\/wp\/v2\/types\/page"}],"author":[{"embeddable":true,"href":"https:\/\/sigmanto.com\/index.php\/wp-json\/wp\/v2\/users\/1"}],"replies":[{"embeddable":true,"href":"https:\/\/sigmanto.com\/index.php\/wp-json\/wp\/v2\/comments?post=76"}],"version-history":[{"count":1,"href":"https:\/\/sigmanto.com\/index.php\/wp-json\/wp\/v2\/pages\/76\/revisions"}],"predecessor-version":[{"id":1827,"href":"https:\/\/sigmanto.com\/index.php\/wp-json\/wp\/v2\/pages\/76\/revisions\/1827"}],"wp:attachment":[{"href":"https:\/\/sigmanto.com\/index.php\/wp-json\/wp\/v2\/media?parent=76"}],"curies":[{"name":"wp","href":"https:\/\/api.w.org\/{rel}","templated":true}]}}