{"id":879,"date":"2021-06-07T11:26:37","date_gmt":"2021-06-07T09:26:37","guid":{"rendered":"https:\/\/geodev.pl\/?page_id=879"},"modified":"2026-02-27T12:31:13","modified_gmt":"2026-02-27T11:31:13","slug":"opinie-geotechniczne","status":"publish","type":"page","link":"https:\/\/sigmanto.com\/index.php\/opinie-geotechniczne\/","title":{"rendered":"Opinie geotechniczne"},"content":{"rendered":"<p>[tm_pb_section admin_label=&#8221;section&#8221;][tm_pb_row admin_label=&#8221;Row&#8221; make_fullwidth=&#8221;off&#8221; use_custom_width=&#8221;off&#8221; use_grid_padding=&#8221;on&#8221; width_unit=&#8221;on&#8221; padding_mobile=&#8221;off&#8221; custom_margin=&#8221;30px||50px|&#8221; allow_player_pause=&#8221;off&#8221; parallax=&#8221;off&#8221; parallax_method=&#8221;off&#8221; make_equal=&#8221;off&#8221; parallax_1=&#8221;off&#8221; parallax_method_1=&#8221;off&#8221; vertical_alligment_1=&#8221;start&#8221; responsive_laptop_1=&#8221;inherit&#8221; responsive_tablet_1=&#8221;inherit&#8221; responsive_phone_1=&#8221;inherit&#8221; order_laptop_1=&#8221;1&#8243; order_tablet_1=&#8221;1&#8243; order_phone_1=&#8221;1&#8243; column_padding_mobile=&#8221;on&#8221;][tm_pb_column type=&#8221;4_4&#8243;][tm_pb_text admin_label=&#8221;Text&#8221; text_orientation=&#8221;center&#8221; use_border_color=&#8221;off&#8221; border_color=&#8221;#ffffff&#8221; border_style=&#8221;solid&#8221;]<\/p>\n<h2><strong>Opinie geotechniczne<\/strong><\/h2>\n<p>[\/tm_pb_text][\/tm_pb_column][\/tm_pb_row][tm_pb_row admin_label=&#8221;row&#8221;][tm_pb_column type=&#8221;2_3&#8243;][tm_pb_text admin_label=&#8221;Text&#8221; text_orientation=&#8221;left&#8221; disabled=&#8221;off&#8221; disabled_on=&#8221;off|off|off|off&#8221; use_border_color=&#8221;off&#8221; border_color=&#8221;#ffffff&#8221; border_style=&#8221;solid&#8221;]<\/p>\n<h2>Czym jest opinia geotechniczna i kiedy jest wymagana?<\/h2>\n<p>Opinie geotechniczne s\u0105 podstawowym opracowaniem <strong>wynik\u00f3w bada\u0144 pozwalaj\u0105cych na okre\u015blenie kategorii geotechnicznej obiektu<\/strong>, a ich opracowanie stanowi podstaw\u0119 projektowania budynk\u00f3w posadawianych na gruntach znajduj\u0105cych si\u0119 w pierwszej kategorii geotechnicznej dla prostych warunk\u00f3w gruntowych (jednorodne grunty, usytuowane r\u00f3wnolegle do powierzchni terenu, brak grunt\u00f3w s\u0142abono\u015bnych, zwierciad\u0142a w\u00f3d gruntowych ponad poziomem posadawiania oraz niekorzystnych zjawisk geologicznych). Do pierwszej kategorii nale\u017c\u0105 g\u0142\u00f3wnie jedno- b\u0105d\u017a dwupi\u0119trowe budynki mieszkalne, a tak\u017ce rozparcia wykop\u00f3w i \u015bciany oporowe z r\u00f3\u017cnic\u0105 poziom\u00f3w nieprzekraczaj\u0105c\u0105 2 metr\u00f3w, wykopy do g\u0142\u0119boko\u015bci 1,2 m oraz nasypy o maksymalnej wysoko\u015bci 3 m. Wydanie opinii geotechnicznej zosta\u0142o obwarowane prawnie w Rozporz\u0105dzeniu Ministra Transportu, Budownictwa i Gospodarki Morskiej z dnia 25 kwietnia 2012 r. w sprawie ustalania geotechnicznych warunk\u00f3w posadawiania obiekt\u00f3w budowlanych (Dz. U. nr 81, poz. 463). Mo\u017cna znale\u017a\u0107 w niej odpowied\u017a na pytanie <strong>kiedy jest wymagana opinia geotechniczna<\/strong> \u2013 zawsze. <a href=\"\/jak-dzialamy\/\">Badania geotechniczne<\/a>, ich przebieg, zosta\u0142y dok\u0142adnie opisane na naszej stronie.<\/p>\n<h2>Co powinna zawiera\u0107 opinia geotechniczna?<\/h2>\n<p>Profesjonalnie wykonana opinia geotechniczna najcz\u0119\u015bciej <strong>sk\u0142ada si\u0119 z 2 cz\u0119\u015bci \u2013 opisowej oraz graficznej<\/strong>. W pierwszej powinny znale\u017a\u0107 si\u0119 informacje zwi\u0105zane z:<\/p>\n<ul>\n<li>wodami gruntowymi (ich poziom),<\/li>\n<li>warstwami gruntowymi (ich g\u0119sto\u015b\u0107, g\u0142\u0119boko\u015b\u0107, grubo\u015b\u0107, plastyczno\u015b\u0107, sp\u00f3jno\u015b\u0107, wilgotno\u015b\u0107, zag\u0119szczenie),<\/li>\n<li>no\u015bno\u015bci\u0105 gruntu,<\/li>\n<li>zaleceniami wynikaj\u0105cymi z interpretacji geologa oraz przeprowadzonych przez niego bada\u0144.<\/li>\n<\/ul>\n<p>W niekt\u00f3rych przypadkach wymagane s\u0105 tak\u017ce wyniki badan laboratoryjnych zwi\u0105zane np. z chemicznymi pr\u00f3bami wody. Cz\u0119\u015b\u0107 graficzna opinii geotechnicznej stanowi zobrazowanie na planie sytuacyjnym punkt\u00f3w wierce\u0144 i linii przekroj\u00f3w geotechnicznych. Dodatkowo w przekrojach i profilach zobrazowane s\u0105 przeloty warstw geotechnicznych gruntu. Istotnymi elementami tej cz\u0119\u015bci opinii geotechnicznej s\u0105: mapa orientacyjna, mapa dokumentacyjna, obja\u015bnienia znak\u00f3w i symboli oraz zestawienie parametr\u00f3w fizyko-mechanicznych badanego gruntu.<\/p>\n<h2>Opinia geotechniczna \u2013 cena<\/h2>\n<p>Badania niezb\u0119dne do wydania opinii zazwyczaj nie s\u0105 drogie. Ich cena uzale\u017cniona jest od kilku czynnik\u00f3w, m.in. od: liczby wykonanych odwiert\u00f3w oraz ich g\u0142\u0119boko\u015bci \u2013 zalecane s\u0105 3-4 minimalnie 3-metrowe otwory geotechniczne. Podstawowy koszt opinii geotechnicznej to cena&nbsp;<strong>oko\u0142o 1200-2500 z\u0142<\/strong> w przypadku niepodpiwniczonego budynku, lecz zale\u017cy ona od lokalizacji inwestycji oraz zakresu bada\u0144, jaki konstruktor obiektu wymaga do prawid\u0142owego zaprojektowania. Zaistnie\u0107 mo\u017ce konieczno\u015b\u0107 np. analizy chemicznej w\u00f3d gruntowych, sondowa\u0144, bada\u0144 geofizycznych. Na etapie opinii geotechnicznej warto zleci\u0107 przynajmniej najbardziej podstawowe <a href=\"https:\/\/sigmanto.com\/badania-polowe-gruntow\/\">badania pod\u0142o\u017ca<\/a> (laboratoryjne, sondowania DPL, pobranie pr\u00f3by NNS i wykonanie \u015bcinania obrotowego z g\u0142\u0119boko\u015bci posadowienia).<\/p>\n<h2>Kto mo\u017ce wykona\u0107 opini\u0119 geotechniczn\u0105?<\/h2>\n<p>Przeprowadzenie bada\u0144, wydanie opinii geotechnicznej oraz przygotowanie dokument\u00f3w zwi\u0105zanych z nimi, warto zleci\u0107 profesjonalnej firmie, w kt\u00f3rej pracuj\u0105<strong> do\u015bwiadczeni pracownicy posiadaj\u0105cy rozleg\u0142\u0105 wiedz\u0119 na temat geotechniki, geologi, budownictwa<\/strong> oraz obowi\u0105zuj\u0105cego prawa. Istotne jest tak\u017ce posiadanie w\u0142a\u015bciwego sprz\u0119tu.<\/p>\n<p>[\/tm_pb_text][\/tm_pb_column][tm_pb_column type=&quot;1_3&quot;][tm_pb_image admin_label=&quot;Image&quot; src=&quot;https:\/\/sigmanto.com\/wp-content\/uploads\/2021\/06\/sprzadzanie-opinii-geotechnicznej.jpg&quot; alt=&quot;Sporz\u0105dzanie opinii geotechnicznej&quot; title_text=&quot;Geotechnik sporz\u0105dza opini\u0119 geotechniczn\u0105&quot; show_in_lightbox=&quot;on&quot; url_new_window=&quot;off&quot; use_overlay=&quot;off&quot; animation=&quot;left&quot; sticky=&quot;off&quot; align=&quot;left&quot; force_fullwidth=&quot;off&quot; always_center_on_mobile=&quot;on&quot; use_border_color=&quot;off&quot; border_color=&quot;#ffffff&quot; border_style=&quot;solid&quot; custom_margin=&quot;100px|||&quot;] [\/tm_pb_image][\/tm_pb_column][\/tm_pb_row][tm_pb_row admin_label=&quot;Row&quot; make_fullwidth=&quot;off&quot; use_custom_width=&quot;off&quot; use_grid_padding=&quot;on&quot; width_unit=&quot;on&quot; padding_mobile=&quot;off&quot; custom_margin=&quot;50px|||&quot; allow_player_pause=&quot;off&quot; parallax=&quot;off&quot; parallax_method=&quot;off&quot; make_equal=&quot;off&quot; parallax_1=&quot;off&quot; parallax_method_1=&quot;off&quot; vertical_alligment_1=&quot;start&quot; responsive_laptop_1=&quot;inherit&quot; responsive_tablet_1=&quot;inherit&quot; responsive_phone_1=&quot;inherit&quot; order_laptop_1=&quot;1&quot; order_tablet_1=&quot;1&quot; order_phone_1=&quot;1&quot; column_padding_mobile=&quot;on&quot;][tm_pb_column type=&quot;4_4&quot;][tm_pb_button admin_label=&quot;Button&quot; button_url=&quot;\/kontakt&quot; url_new_window=&quot;on&quot; button_text=&quot;Potrzebuejsz opinii geotechnicznej? Skontaktuj si\u0119.&quot; button_alignment=&quot;left&quot; custom_button=&quot;on&quot; button_letter_spacing=&quot;0&quot; button_use_icon=&quot;default&quot; button_icon_placement=&quot;right&quot; button_on_hover=&quot;on&quot; button_letter_spacing_hover=&quot;0&quot; button_text_size=&quot;25&quot;] [\/tm_pb_button][\/tm_pb_column][\/tm_pb_row][tm_pb_row admin_label=&quot;Row&quot;][\/tm_pb_row][\/tm_pb_section]<\/p>\n","protected":false},"excerpt":{"rendered":"<p>[tm_pb_section admin_label=&#8221;section&#8221;][tm_pb_row admin_label=&#8221;Row&#8221; make_fullwidth=&#8221;off&#8221; use_custom_width=&#8221;off&#8221; use_grid_padding=&#8221;on&#8221; width_unit=&#8221;on&#8221; padding_mobile=&#8221;off&#8221; custom_margin=&#8221;30px||50px|&#8221; allow_player_pause=&#8221;off&#8221; parallax=&#8221;off&#8221; parallax_method=&#8221;off&#8221; make_equal=&#8221;off&#8221; parallax_1=&#8221;off&#8221; parallax_method_1=&#8221;off&#8221; vertical_alligment_1=&#8221;start&#8221; responsive_laptop_1=&#8221;inherit&#8221; responsive_tablet_1=&#8221;inherit&#8221; responsive_phone_1=&#8221;inherit&#8221; order_laptop_1=&#8221;1&#8243; order_tablet_1=&#8221;1&#8243; order_phone_1=&#8221;1&#8243; column_padding_mobile=&#8221;on&#8221;][tm_pb_column type=&#8221;4_4&#8243;][tm_pb_text admin_label=&#8221;Text&#8221; text_orientation=&#8221;center&#8221; use_border_color=&#8221;off&#8221; border_color=&#8221;#ffffff&#8221; border_style=&#8221;solid&#8221;] Opinie geotechniczne [\/tm_pb_text][\/tm_pb_column][\/tm_pb_row][tm_pb_row admin_label=&#8221;row&#8221;][tm_pb_column type=&#8221;2_3&#8243;][tm_pb_text admin_label=&#8221;Text&#8221; text_orientation=&#8221;left&#8221; disabled=&#8221;off&#8221; disabled_on=&#8221;off|off|off|off&#8221; use_border_color=&#8221;off&#8221; border_color=&#8221;#ffffff&#8221; border_style=&#8221;solid&#8221;] Czym jest opinia geotechniczna i kiedy jest wymagana? Opinie geotechniczne s\u0105 podstawowym opracowaniem wynik\u00f3w [&hellip;]<\/p>\n","protected":false},"author":1,"featured_media":0,"parent":0,"menu_order":0,"comment_status":"closed","ping_status":"closed","template":"","meta":{"footnotes":""},"class_list":["post-879","page","type-page","status-publish","hentry"],"_links":{"self":[{"href":"https:\/\/sigmanto.com\/index.php\/wp-json\/wp\/v2\/pages\/879","targetHints":{"allow":["GET"]}}],"collection":[{"href":"https:\/\/sigmanto.com\/index.php\/wp-json\/wp\/v2\/pages"}],"about":[{"href":"https:\/\/sigmanto.com\/index.php\/wp-json\/wp\/v2\/types\/page"}],"author":[{"embeddable":true,"href":"https:\/\/sigmanto.com\/index.php\/wp-json\/wp\/v2\/users\/1"}],"replies":[{"embeddable":true,"href":"https:\/\/sigmanto.com\/index.php\/wp-json\/wp\/v2\/comments?post=879"}],"version-history":[{"count":1,"href":"https:\/\/sigmanto.com\/index.php\/wp-json\/wp\/v2\/pages\/879\/revisions"}],"predecessor-version":[{"id":1838,"href":"https:\/\/sigmanto.com\/index.php\/wp-json\/wp\/v2\/pages\/879\/revisions\/1838"}],"wp:attachment":[{"href":"https:\/\/sigmanto.com\/index.php\/wp-json\/wp\/v2\/media?parent=879"}],"curies":[{"name":"wp","href":"https:\/\/api.w.org\/{rel}","templated":true}]}}