{"id":916,"date":"2021-06-10T11:16:14","date_gmt":"2021-06-10T09:16:14","guid":{"rendered":"https:\/\/geodev.pl\/?page_id=916"},"modified":"2026-02-27T12:31:12","modified_gmt":"2026-02-27T11:31:12","slug":"dokumentacja-geologiczno-inzynierska","status":"publish","type":"page","link":"https:\/\/sigmanto.com\/index.php\/dokumentacja-geologiczno-inzynierska\/","title":{"rendered":"Dokumentacja geologiczno-in\u017cynierska"},"content":{"rendered":"<p>[tm_pb_section admin_label=&#8221;section&#8221;][tm_pb_row admin_label=&#8221;Row&#8221; make_fullwidth=&#8221;off&#8221; use_custom_width=&#8221;off&#8221; use_grid_padding=&#8221;on&#8221; width_unit=&#8221;on&#8221; padding_mobile=&#8221;off&#8221; custom_margin=&#8221;30px||50px|&#8221; allow_player_pause=&#8221;off&#8221; parallax=&#8221;off&#8221; parallax_method=&#8221;off&#8221; make_equal=&#8221;off&#8221; parallax_1=&#8221;off&#8221; parallax_method_1=&#8221;off&#8221; vertical_alligment_1=&#8221;start&#8221; responsive_laptop_1=&#8221;inherit&#8221; responsive_tablet_1=&#8221;inherit&#8221; responsive_phone_1=&#8221;inherit&#8221; order_laptop_1=&#8221;1&#8243; order_tablet_1=&#8221;1&#8243; order_phone_1=&#8221;1&#8243; column_padding_mobile=&#8221;on&#8221;][tm_pb_column type=&#8221;4_4&#8243;][tm_pb_text admin_label=&#8221;Text&#8221; text_orientation=&#8221;center&#8221; use_border_color=&#8221;off&#8221; border_color=&#8221;#ffffff&#8221; border_style=&#8221;solid&#8221;]<\/p>\n<h2><strong><b>Dokumentacje geologiczno-in\u017cynierskie <\/b><\/strong><\/h2>\n<p>[\/tm_pb_text][\/tm_pb_column][\/tm_pb_row][tm_pb_row admin_label=&#8221;row&#8221;][tm_pb_column type=&#8221;2_3&#8243;][tm_pb_text admin_label=&#8221;Text&#8221; text_orientation=&#8221;left&#8221; disabled=&#8221;off&#8221; disabled_on=&#8221;off|off|off|off&#8221; use_border_color=&#8221;off&#8221; border_color=&#8221;#ffffff&#8221; border_style=&#8221;solid&#8221;]<\/p>\n<h2>Kiedy wymagana jest dokumentacja geologiczno-in\u017cynierska?<\/h2>\n<p>Wykonanie podstawowych bada\u0144 geotechnicznych, kt\u00f3rych wyniki zawarte s\u0105 w dokumentacji geotechnicznej jest obowi\u0105zkowe dla ka\u017cdej inwestycji budowlanej. Gdy wyniknie z nich, \u017ce <strong>warunki gruntowe na dzia\u0142ce pod budow\u0119 domu jedno- b\u0105d\u017a dwupi\u0119trowego s\u0105 skomplikowane<\/strong>, konieczne jest przygotowanie dodatkowych bada\u0144, kt\u00f3rych wyniki okre\u015blone b\u0119d\u0105 w dokumentacji geologiczno-in\u017cynierskiej. Do skomplikowanych warunk\u00f3w gruntowych zalicza si\u0119:<\/p>\n<ul>\n<li>osuwiska,<\/li>\n<li>zjawiska kurzawkowe,<\/li>\n<li>zjawiska glacitektoniczne,<\/li>\n<li>rejony wychodni uskok\u00f3w tektonicznych,<\/li>\n<li>zjawiska sufozyjne,<\/li>\n<li>obszary szk\u00f3d g\u00f3rniczych, w szczeg\u00f3lno\u015bci obj\u0119te p\u0142ytk\u0105 eksploatacj\u0105 g\u00f3rnicz\u0105,<\/li>\n<li>obszary delt rzek.<\/li>\n<\/ul>\n<p>Kiedy dokumentacja geologiczno-in\u017cynierska jest jeszcze wymagana? M.in. w przypadku wielopi\u0119trowych budynk\u00f3w posadowionych na gruntach o z\u0142o\u017conym lub skomplikowanym charakterze, a tak\u017ce dla obiekt\u00f3w nietypowych, wielkopowierzchniowych w z\u0142o\u017conych warunkach gruntowych b\u0105d\u017a mog\u0105cych wp\u0142ywa\u0107 znacz\u0105co na \u015brodowisko we wszystkich warunkach gruntowych.<\/p>\n<h2>Jaki cel maj\u0105 dokumentacje geologiczno-in\u017cynierskie?<\/h2>\n<p>Dokumentacja geologiczno-in\u017cynierska przygotowywana jest w celu<strong> okre\u015blenia warunk\u00f3w na potrzeby posadowienia nieruchomo\u015bci<\/strong>, a tak\u017ce: zagospodarowania przestrzennego, przechowywania odpad\u00f3w, podziemnego sk\u0142adowania dwutlenku w\u0119gla, substancji r\u00f3\u017cnego rodzaju i odpad\u00f3w. Powala na <strong>okre\u015blenie budowy geologicznej i hydrogeologicznej danego pod\u0142o\u017ca<\/strong>, jego przydatno\u015bci do realizacji zaplanowanych dzia\u0142a\u0144, a tak\u017ce prognozowanych zmian w \u015brodowisku, kt\u00f3re mog\u0105 zosta\u0107 wywo\u0142ane przez dan\u0105 inwestycj\u0119.<\/p>\n<h2>Z czego sk\u0142ada si\u0119 dokumentacja geologiczno-in\u017cynierska?<\/h2>\n<p>Sprawozdanie z przeprowadzonych bada\u0144 geologiczno-in\u017cynierskich przedstawiane jest w dwucz\u0119\u015bciowej dokumentacji geologiczno-in\u017cynierskiej. W <strong>cz\u0119\u015bci opisowej<\/strong> okre\u015blone zosta\u0142y przepisy i zakres opracowania (podstawa formalna, przedmiot przeprowadzanych bada\u0144, ich cel oraz charakterystyka obiektu), podstawy opracowania dokumentacji, zakres i metodyka przeprowadzanych prac, opis terenu oraz budowy geologicznej badanego obszaru (z podzia\u0142em na warunki gruntowe praz wodne), a tak\u017ce wnioski i zalecenia. W <strong>cz\u0119\u015bci graficznej<\/strong> za\u0142\u0105czone powinny by\u0107: mapy, plany rozmieszczenia otwor\u00f3w podczas bada\u0144 geologicznych, przekroje, wyniki sondowa\u0144, wyniki analizy stateczno\u015bci zbocza, wyniki przeprowadzonych bada\u0144 laboratoryjnych, mapy geologiczno-in\u017cynierskie. Tre\u015b\u0107 zawarta w poszczeg\u00f3lnych cz\u0119\u015bciach dokumentacji geologiczno-in\u017cynierskiej mo\u017ce si\u0119 r\u00f3\u017cni\u0107 w zwi\u0105zku z zakresem przeprowadzanych prac.<\/p>\n<h2>Jak wygl\u0105da procedura zwi\u0105zana z dokumentacj\u0105 geologiczno-in\u017cyniersk\u0105?<\/h2>\n<p>Procedura, jak przebiega <a href=\"\/jak-dzialamy\/\">dokumentacja geologiczno-in\u017cynierska<\/a>&nbsp; zosta\u0142a opisana na naszej stronie. Zapoznanie si\u0119 z ni\u0105 pozwala na sprawniejsze i szybsze przej\u015bcie przez wszystkie kroki zwi\u0105zane z wykonaniem badania, jego zatwierdzeniem oraz wydaniem dokumentacji. Warto podkre\u015bli\u0107, \u017ce <strong>badania do dokumentacji geologiczno-in\u017cynierskiej przeprowadzane s\u0105 na podstawie projektu, kt\u00f3ry musi by\u0107 zatwierdzony przez organ administracji geologicznej (Starost\u0119, Marsza\u0142ka lub Ministra)<\/strong>. Przygotowane materia\u0142y r\u00f3wnie\u017c podlegaj\u0105 uznaniu przez niego. Nie spos\u00f3b okre\u015bli\u0107, jaka b\u0119dzie cena dokumentacji geologiczno-in\u017cynierskiej, poniewa\u017c podlega ona indywidualnej wycenie.<\/p>\n<h2>Dokumentacja geologiczno-in\u017cynierska \u2013 rozporz\u0105dzenie<\/h2>\n<p>Wszelkie kwestie zwi\u0105zane z dokumentacj\u0105 geologiczno-in\u017cyniersk\u0105 s\u0105 prawnie usankcjonowane. Aktami, kt\u00f3re uwa\u017cane s\u0105 z najwa\u017cniejsze w tym aspekcie, s\u0105:<\/p>\n<ul>\n<li>Rozporz\u0105dzenie Ministra Transportu, Budownictwa i Gospodarki Morskiej z dnia 25 kwietnia 2012 r. w sprawie ustalania geotechnicznych warunk\u00f3w posadawiania obiekt\u00f3w budowlanych (Dz.U.2012 poz. 463).<\/li>\n<li>Prawo geologiczne i g\u00f3rnicze z dnia 9 czerwca 2011 roku (Dz.U. 2011 Nr 163 poz. 981).<\/li>\n<li>Rozporz\u0105dzenie Ministra \u015arodowiska z dnia 18 listopada 2016 roku w sprawie dokumentacji hydrogeologicznej i dokumentacji geologiczno-in\u017cynierskiej (Dz.U. 2016 poz. 2033).<\/li>\n<li>Rozporz\u0105dzenie Ministra \u015arodowiska z dnia 20 grudnia 2011 r. w sprawie szczeg\u00f3\u0142owych wymaga\u0144 dotycz\u0105cych projekt\u00f3w rob\u00f3t geologicznych, w tym rob\u00f3t, kt\u00f3rych wykonywanie wymaga uzyskania konsecji (Dz.U. 2011 nr 288 poz. 1696).<\/li>\n<\/ul>\n<p>W razie jakichkolwiek w\u0105tpliwo\u015b\u0107 mo\u017cna spr\u00f3bowa\u0107 znale\u017a\u0107 w nich odpowiedzi na pytania zwi\u0105zane z dokumentacj\u0105 geologiczno-in\u017cyniersk\u0105 lub skontaktowa\u0107 si\u0119 z nami w celu rozwiania wszelkich w\u0105tpliwo\u015bci. Zapraszamy do rozmowy!<\/p>\n<p>[\/tm_pb_text][\/tm_pb_column][tm_pb_column type=&quot;1_3&quot;][tm_pb_image admin_label=&quot;Image&quot; src=&quot;https:\/\/sigmanto.com\/wp-content\/uploads\/2021\/06\/dokumentacja-geologiczno-inzynierska.jpg&quot; alt=&quot;Dokumentacja geologiczno-in\u017cynierska &quot; title_text=&quot;Przygotowanie dokumentacji geologiczno-in\u017cynierskiej&quot; show_in_lightbox=&quot;on&quot; url_new_window=&quot;off&quot; use_overlay=&quot;off&quot; animation=&quot;left&quot; sticky=&quot;off&quot; align=&quot;left&quot; force_fullwidth=&quot;off&quot; always_center_on_mobile=&quot;on&quot; use_border_color=&quot;off&quot; border_color=&quot;#ffffff&quot; border_style=&quot;solid&quot; custom_margin=&quot;100px|||&quot;] [\/tm_pb_image][\/tm_pb_column][\/tm_pb_row][tm_pb_row admin_label=&quot;Row&quot; make_fullwidth=&quot;off&quot; use_custom_width=&quot;off&quot; use_grid_padding=&quot;on&quot; width_unit=&quot;on&quot; padding_mobile=&quot;off&quot; custom_margin=&quot;50px|||&quot; allow_player_pause=&quot;off&quot; parallax=&quot;off&quot; parallax_method=&quot;off&quot; make_equal=&quot;off&quot; parallax_1=&quot;off&quot; parallax_method_1=&quot;off&quot; vertical_alligment_1=&quot;start&quot; responsive_laptop_1=&quot;inherit&quot; responsive_tablet_1=&quot;inherit&quot; responsive_phone_1=&quot;inherit&quot; order_laptop_1=&quot;1&quot; order_tablet_1=&quot;1&quot; order_phone_1=&quot;1&quot; column_padding_mobile=&quot;on&quot;][tm_pb_column type=&quot;4_4&quot;][tm_pb_button admin_label=&quot;Button&quot; button_url=&quot;\/kontakt&quot; url_new_window=&quot;on&quot; button_text=&quot;Skontaktuj si\u0119 z nami!&quot; button_alignment=&quot;left&quot; custom_button=&quot;on&quot; button_letter_spacing=&quot;0&quot; button_use_icon=&quot;default&quot; button_icon_placement=&quot;right&quot; button_on_hover=&quot;on&quot; button_letter_spacing_hover=&quot;0&quot; button_text_size=&quot;25&quot;] [\/tm_pb_button][\/tm_pb_column][\/tm_pb_row][tm_pb_row admin_label=&quot;Row&quot;][\/tm_pb_row][\/tm_pb_section]<\/p>\n","protected":false},"excerpt":{"rendered":"<p>[tm_pb_section admin_label=&#8221;section&#8221;][tm_pb_row admin_label=&#8221;Row&#8221; make_fullwidth=&#8221;off&#8221; use_custom_width=&#8221;off&#8221; use_grid_padding=&#8221;on&#8221; width_unit=&#8221;on&#8221; padding_mobile=&#8221;off&#8221; custom_margin=&#8221;30px||50px|&#8221; allow_player_pause=&#8221;off&#8221; parallax=&#8221;off&#8221; parallax_method=&#8221;off&#8221; make_equal=&#8221;off&#8221; parallax_1=&#8221;off&#8221; parallax_method_1=&#8221;off&#8221; vertical_alligment_1=&#8221;start&#8221; responsive_laptop_1=&#8221;inherit&#8221; responsive_tablet_1=&#8221;inherit&#8221; responsive_phone_1=&#8221;inherit&#8221; order_laptop_1=&#8221;1&#8243; order_tablet_1=&#8221;1&#8243; order_phone_1=&#8221;1&#8243; column_padding_mobile=&#8221;on&#8221;][tm_pb_column type=&#8221;4_4&#8243;][tm_pb_text admin_label=&#8221;Text&#8221; text_orientation=&#8221;center&#8221; use_border_color=&#8221;off&#8221; border_color=&#8221;#ffffff&#8221; border_style=&#8221;solid&#8221;] Dokumentacje geologiczno-in\u017cynierskie [\/tm_pb_text][\/tm_pb_column][\/tm_pb_row][tm_pb_row admin_label=&#8221;row&#8221;][tm_pb_column type=&#8221;2_3&#8243;][tm_pb_text admin_label=&#8221;Text&#8221; text_orientation=&#8221;left&#8221; disabled=&#8221;off&#8221; disabled_on=&#8221;off|off|off|off&#8221; use_border_color=&#8221;off&#8221; border_color=&#8221;#ffffff&#8221; border_style=&#8221;solid&#8221;] Kiedy wymagana jest dokumentacja geologiczno-in\u017cynierska? Wykonanie podstawowych bada\u0144 geotechnicznych, kt\u00f3rych wyniki zawarte s\u0105 w [&hellip;]<\/p>\n","protected":false},"author":1,"featured_media":0,"parent":0,"menu_order":0,"comment_status":"closed","ping_status":"closed","template":"","meta":{"footnotes":""},"class_list":["post-916","page","type-page","status-publish","hentry"],"_links":{"self":[{"href":"https:\/\/sigmanto.com\/index.php\/wp-json\/wp\/v2\/pages\/916","targetHints":{"allow":["GET"]}}],"collection":[{"href":"https:\/\/sigmanto.com\/index.php\/wp-json\/wp\/v2\/pages"}],"about":[{"href":"https:\/\/sigmanto.com\/index.php\/wp-json\/wp\/v2\/types\/page"}],"author":[{"embeddable":true,"href":"https:\/\/sigmanto.com\/index.php\/wp-json\/wp\/v2\/users\/1"}],"replies":[{"embeddable":true,"href":"https:\/\/sigmanto.com\/index.php\/wp-json\/wp\/v2\/comments?post=916"}],"version-history":[{"count":1,"href":"https:\/\/sigmanto.com\/index.php\/wp-json\/wp\/v2\/pages\/916\/revisions"}],"predecessor-version":[{"id":1829,"href":"https:\/\/sigmanto.com\/index.php\/wp-json\/wp\/v2\/pages\/916\/revisions\/1829"}],"wp:attachment":[{"href":"https:\/\/sigmanto.com\/index.php\/wp-json\/wp\/v2\/media?parent=916"}],"curies":[{"name":"wp","href":"https:\/\/api.w.org\/{rel}","templated":true}]}}