{"id":927,"date":"2021-06-10T11:32:53","date_gmt":"2021-06-10T09:32:53","guid":{"rendered":"https:\/\/geodev.pl\/?page_id=927"},"modified":"2026-02-27T12:31:12","modified_gmt":"2026-02-27T11:31:12","slug":"badanie-zanieczyszczenia-gruntu","status":"publish","type":"page","link":"https:\/\/sigmanto.com\/index.php\/badanie-zanieczyszczenia-gruntu\/","title":{"rendered":"Badanie zanieczyszczenia gruntu"},"content":{"rendered":"<p>[tm_pb_section admin_label=&#8221;section&#8221;][tm_pb_row admin_label=&#8221;Row&#8221; make_fullwidth=&#8221;off&#8221; use_custom_width=&#8221;off&#8221; use_grid_padding=&#8221;on&#8221; width_unit=&#8221;on&#8221; padding_mobile=&#8221;off&#8221; custom_margin=&#8221;30px||50px|&#8221; allow_player_pause=&#8221;off&#8221; parallax=&#8221;off&#8221; parallax_method=&#8221;off&#8221; make_equal=&#8221;off&#8221; parallax_1=&#8221;off&#8221; parallax_method_1=&#8221;off&#8221; vertical_alligment_1=&#8221;start&#8221; responsive_laptop_1=&#8221;inherit&#8221; responsive_tablet_1=&#8221;inherit&#8221; responsive_phone_1=&#8221;inherit&#8221; order_laptop_1=&#8221;1&#8243; order_tablet_1=&#8221;1&#8243; order_phone_1=&#8221;1&#8243; column_padding_mobile=&#8221;on&#8221;][tm_pb_column type=&#8221;4_4&#8243;][tm_pb_text admin_label=&#8221;Text&#8221; text_orientation=&#8221;center&#8221; use_border_color=&#8221;off&#8221; border_color=&#8221;#ffffff&#8221; border_style=&#8221;solid&#8221;]<\/p>\n<h2><strong>Badanie zanieczyszczenia gruntu<\/strong><\/h2>\n<p>[\/tm_pb_text][\/tm_pb_column][\/tm_pb_row][tm_pb_row admin_label=&#8221;row&#8221;][tm_pb_column type=&#8221;2_3&#8243;][tm_pb_text admin_label=&#8221;Text&#8221; text_orientation=&#8221;left&#8221; disabled=&#8221;off&#8221; disabled_on=&#8221;off|off|off|off&#8221; use_border_color=&#8221;off&#8221; border_color=&#8221;#ffffff&#8221; border_style=&#8221;solid&#8221;]<\/p>\n<p>Ka\u017cda dzia\u0142ka budowlana posiada odmienne w\u0142a\u015bciwo\u015bci chemiczne grunt\u00f3w i przypowierzchniowej warstwy gleby. Analiz\u0105 poszczeg\u00f3lnych sk\u0142adnik\u00f3w gruntu zajmuj\u0105 si\u0119 firmy geologiczne lub specjalistyczne laboratoria \u015brodowiskowe, kt\u00f3re sprawdzaj\u0105 chemizm grunt\u00f3w i w\u00f3d. Wa\u017cne jest badanie zanieczyszczenia gruntu, kt\u00f3re mo\u017ce by\u0107 zlecone w specjalnych okoliczno\u015bciach, jak i warto zrobi\u0107 je r\u00f3wnie\u017c przed zakupem dzia\u0142ki.<\/p>\n<h2>W jakim celu wykonuje si\u0119 badania zanieczyszczenia gruntu?<\/h2>\n<p>Gleba podlega wielu zanieczyszczeniom, kt\u00f3re wsi\u0105kaj\u0105 w jej struktur\u0119 przez wiele lat. Usuni\u0119cie takich zanieczyszcze\u0144 jest bardzo trudne i wymaga specjalistycznych bada\u0144, a nast\u0119pnie rozwi\u0105za\u0144 remediacyjnych. Je\u015bli gleba jest bardzo zanieczyszczona, a w okolicy wyst\u0119puj\u0105 na przyk\u0142ad wody gruntowe, uprawy ro\u015blin lub place zabaw,&nbsp;takie badania to kwestia bezpiecze\u0144stwa.<\/p>\n<p>Nale\u017cy jednak zaznaczy\u0107, \u017ce badanie zanieczyszczenia gleby warto zleci\u0107 tak\u017ce, je\u015bli nie ma ku temu odpowiednich zalece\u0144, zw\u0142aszcza je\u015bli chcemy <strong>kupi\u0107 dzia\u0142k\u0119 rekreacyjn\u0105<\/strong>, na kt\u00f3rej planujemy uprawia\u0107 owoce lub warzywa. Wiedza o zanieczyszczeniu gleby b\u0119dzie w tym przypadku absolutnie niezb\u0119dna. To samo dotyczy wszelkich <strong>dzia\u0142ek rolniczych<\/strong>. Jak wspomniano wcze\u015bniej, zanieczyszczenie gruntu badaj\u0105 firmy geologiczne we wsp\u00f3\u0142pracy z laboratoriami \u015brodowiskowymi. Dlatego te\u017c,&nbsp;zanim zdecydujesz si\u0119 na zakup dzia\u0142ki, warto zbada\u0107 zanieczyszczenie gleby. Oferujemy kompleksowe badanie zanieczyszczenia gruntu, kt\u00f3re pomo\u017ce Ci podj\u0105\u0107 decyzj\u0119 o zakupie dzia\u0142ki, a tak\u017ce <a href=\"\/oferta\/\">dokumentacje geotechniczne<\/a> i <a href=\"\/opinie-geotechniczne\/\">opinie geotechniczne<\/a>.<\/p>\n<h2>Na czym polegaj\u0105 badania zanieczyszczenia gruntu?<\/h2>\n<p>Cho\u0107 mog\u0142oby si\u0119 wydawa\u0107, \u017ce badanie zanieczyszczenia gleby wi\u0105\u017ce si\u0119 tylko i wy\u0142\u0105cznie z weryfikacj\u0105 pr\u00f3bek ziemi w laboratorium, jest to tylko cz\u0119\u015b\u0107 pracy, jak\u0105 wykonuj\u0105 w tym zakresie firmy geologiczne. Aby dok\u0142adnie zbada\u0107 zanieczyszczenie gruntu, nale\u017cy najpierw <strong>przeanalizowa\u0107 ca\u0142\u0105 histori\u0119 dzia\u0142ki<\/strong>&nbsp;i sprawdzi\u0107 wszystkie przes\u0142anki, kt\u00f3re mog\u0142yby mie\u0107 wp\u0142yw na jako\u015b\u0107 pod\u0142o\u017ca. Je\u015bli wi\u0119c spytasz, jak zbada\u0107 zanieczyszczenie gleby, odpowiemy, \u017ce w pierwszej kolejno\u015bci sprawdza si\u0119, <strong>czy na danym terenie prowadzona by\u0142a np. dzia\u0142alno\u015b\u0107 gospodarcza<\/strong>, kt\u00f3ra mog\u0142a gleb\u0119 wyja\u0142owi\u0107 b\u0105d\u017a zanieczy\u015bci\u0107.<\/p>\n<p>Nast\u0119pnie zbieramy pr\u00f3bki gleby i grunt\u00f3w do <strong>wykonania pr\u00f3b laboratoryjnych<\/strong>. Ziemia, pozyskiwana do pr\u00f3bek, zbierana jest z r\u00f3\u017cnych g\u0142\u0119boko\u015bci i uzyskiwana jest poprzez wykonanie odwiert\u00f3w lub z powierzchni za pomoc\u0105 np. \u0142opaty. Niezwykle wa\u017cne jest, aby pr\u00f3bki zebrane by\u0142y z r\u00f3\u017cnych g\u0142\u0119boko\u015bci, a w okre\u015bleniu ich pomaga w du\u017cej mierze badanie historyczne konkretnej dzia\u0142ki oraz badania geotechniczne. Pr\u00f3bki poddawane s\u0105 analizie przede wszystkim pod k\u0105tem st\u0119\u017cenia substancji chemicznych.<\/p>\n<h2>Badanie zanieczyszczenia gleby \u2013 cena<\/h2>\n<p>Je\u015bli chcesz zleci\u0107 profesjonalnej firmie badanie zanieczyszczenia gruntu, z pewno\u015bci\u0105 zastanawiasz si\u0119, jaka jest jego cena. Koszt badania zanieczyszczenia gleby zale\u017cy od wielu czynnik\u00f3w, mi\u0119dzy innymi od wielko\u015bci dzia\u0142ki, a tak\u017ce tego czy spos\u00f3b u\u017cytkowania terenu jest w jaki\u015b spos\u00f3b skatalogowany i uj\u0119ty w miejscowym planie zagospodarowania przestrzennego. Nale\u017cy wskaza\u0107 tak\u017ce przysz\u0142e u\u017cytkowanie terenu. Cena zale\u017cy wi\u0119c od wielu czynnik\u00f3w i <strong>zaczyna si\u0119 od kilkuset z\u0142otych<\/strong>. W naszej ofercie mo\u017cesz znale\u017a\u0107 profesjonalne badanie zanieczyszczenia gruntu, kt\u00f3rego wycen\u0119 dobierzemy do Twoich preferencji \u2013 skontaktuj si\u0119 z nami, a na pewno wybierzemy najlepsze rozwi\u0105zanie dla Ciebie.<\/p>\n<p>[\/tm_pb_text][\/tm_pb_column][tm_pb_column type=&quot;1_3&quot;][tm_pb_image admin_label=&quot;Image&quot; src=&quot;https:\/\/sigmanto.com\/wp-content\/uploads\/2021\/07\/zanieczyszczenia-gruntu.png&quot; show_in_lightbox=&quot;off&quot; url_new_window=&quot;off&quot; use_overlay=&quot;off&quot; animation=&quot;left&quot; sticky=&quot;off&quot; align=&quot;left&quot; force_fullwidth=&quot;off&quot; always_center_on_mobile=&quot;on&quot; use_border_color=&quot;off&quot; border_color=&quot;#ffffff&quot; border_style=&quot;solid&quot; \/][\/tm_pb_column][\/tm_pb_row][tm_pb_row admin_label=&quot;Row&quot; make_fullwidth=&quot;off&quot; use_custom_width=&quot;off&quot; use_grid_padding=&quot;on&quot; width_unit=&quot;on&quot; padding_mobile=&quot;off&quot; custom_margin=&quot;50px|||&quot; allow_player_pause=&quot;off&quot; parallax=&quot;off&quot; parallax_method=&quot;off&quot; make_equal=&quot;off&quot; parallax_1=&quot;off&quot; parallax_method_1=&quot;off&quot; vertical_alligment_1=&quot;start&quot; responsive_laptop_1=&quot;inherit&quot; responsive_tablet_1=&quot;inherit&quot; responsive_phone_1=&quot;inherit&quot; order_laptop_1=&quot;1&quot; order_tablet_1=&quot;1&quot; order_phone_1=&quot;1&quot; column_padding_mobile=&quot;on&quot;][tm_pb_column type=&quot;4_4&quot;][tm_pb_button admin_label=&quot;Button&quot; button_url=&quot;\/kontakt&quot; url_new_window=&quot;on&quot; button_text=&quot;Badanie zanieczyszczenia gruntu zlecisz tutaj.&quot; button_alignment=&quot;left&quot; custom_button=&quot;on&quot; button_letter_spacing=&quot;0&quot; button_use_icon=&quot;default&quot; button_icon_placement=&quot;right&quot; button_on_hover=&quot;on&quot; button_letter_spacing_hover=&quot;0&quot; button_text_size=&quot;25&quot;] [\/tm_pb_button][\/tm_pb_column][\/tm_pb_row][tm_pb_row admin_label=&quot;Row&quot;][\/tm_pb_row][\/tm_pb_section]<\/p>\n","protected":false},"excerpt":{"rendered":"<p>[tm_pb_section admin_label=&#8221;section&#8221;][tm_pb_row admin_label=&#8221;Row&#8221; make_fullwidth=&#8221;off&#8221; use_custom_width=&#8221;off&#8221; use_grid_padding=&#8221;on&#8221; width_unit=&#8221;on&#8221; padding_mobile=&#8221;off&#8221; custom_margin=&#8221;30px||50px|&#8221; allow_player_pause=&#8221;off&#8221; parallax=&#8221;off&#8221; parallax_method=&#8221;off&#8221; make_equal=&#8221;off&#8221; parallax_1=&#8221;off&#8221; parallax_method_1=&#8221;off&#8221; vertical_alligment_1=&#8221;start&#8221; responsive_laptop_1=&#8221;inherit&#8221; responsive_tablet_1=&#8221;inherit&#8221; responsive_phone_1=&#8221;inherit&#8221; order_laptop_1=&#8221;1&#8243; order_tablet_1=&#8221;1&#8243; order_phone_1=&#8221;1&#8243; column_padding_mobile=&#8221;on&#8221;][tm_pb_column type=&#8221;4_4&#8243;][tm_pb_text admin_label=&#8221;Text&#8221; text_orientation=&#8221;center&#8221; use_border_color=&#8221;off&#8221; border_color=&#8221;#ffffff&#8221; border_style=&#8221;solid&#8221;] Badanie zanieczyszczenia gruntu [\/tm_pb_text][\/tm_pb_column][\/tm_pb_row][tm_pb_row admin_label=&#8221;row&#8221;][tm_pb_column type=&#8221;2_3&#8243;][tm_pb_text admin_label=&#8221;Text&#8221; text_orientation=&#8221;left&#8221; disabled=&#8221;off&#8221; disabled_on=&#8221;off|off|off|off&#8221; use_border_color=&#8221;off&#8221; border_color=&#8221;#ffffff&#8221; border_style=&#8221;solid&#8221;] Ka\u017cda dzia\u0142ka budowlana posiada odmienne w\u0142a\u015bciwo\u015bci chemiczne grunt\u00f3w i przypowierzchniowej warstwy gleby. Analiz\u0105 [&hellip;]<\/p>\n","protected":false},"author":1,"featured_media":0,"parent":0,"menu_order":0,"comment_status":"closed","ping_status":"closed","template":"","meta":{"footnotes":""},"class_list":["post-927","page","type-page","status-publish","hentry"],"_links":{"self":[{"href":"https:\/\/sigmanto.com\/index.php\/wp-json\/wp\/v2\/pages\/927","targetHints":{"allow":["GET"]}}],"collection":[{"href":"https:\/\/sigmanto.com\/index.php\/wp-json\/wp\/v2\/pages"}],"about":[{"href":"https:\/\/sigmanto.com\/index.php\/wp-json\/wp\/v2\/types\/page"}],"author":[{"embeddable":true,"href":"https:\/\/sigmanto.com\/index.php\/wp-json\/wp\/v2\/users\/1"}],"replies":[{"embeddable":true,"href":"https:\/\/sigmanto.com\/index.php\/wp-json\/wp\/v2\/comments?post=927"}],"version-history":[{"count":1,"href":"https:\/\/sigmanto.com\/index.php\/wp-json\/wp\/v2\/pages\/927\/revisions"}],"predecessor-version":[{"id":1824,"href":"https:\/\/sigmanto.com\/index.php\/wp-json\/wp\/v2\/pages\/927\/revisions\/1824"}],"wp:attachment":[{"href":"https:\/\/sigmanto.com\/index.php\/wp-json\/wp\/v2\/media?parent=927"}],"curies":[{"name":"wp","href":"https:\/\/api.w.org\/{rel}","templated":true}]}}