{"id":930,"date":"2021-06-10T11:37:22","date_gmt":"2021-06-10T09:37:22","guid":{"rendered":"https:\/\/geodev.pl\/?page_id=930"},"modified":"2026-02-27T12:31:12","modified_gmt":"2026-02-27T11:31:12","slug":"badania-geofizyczne","status":"publish","type":"page","link":"https:\/\/sigmanto.com\/index.php\/badania-geofizyczne\/","title":{"rendered":"Badania geofizyczne"},"content":{"rendered":"<p>[tm_pb_section admin_label=&#8221;section&#8221;][tm_pb_row admin_label=&#8221;Row&#8221; make_fullwidth=&#8221;off&#8221; use_custom_width=&#8221;off&#8221; use_grid_padding=&#8221;on&#8221; width_unit=&#8221;on&#8221; padding_mobile=&#8221;off&#8221; custom_margin=&#8221;30px||50px|&#8221; allow_player_pause=&#8221;off&#8221; parallax=&#8221;off&#8221; parallax_method=&#8221;off&#8221; make_equal=&#8221;off&#8221; parallax_1=&#8221;off&#8221; parallax_method_1=&#8221;off&#8221; vertical_alligment_1=&#8221;start&#8221; responsive_laptop_1=&#8221;inherit&#8221; responsive_tablet_1=&#8221;inherit&#8221; responsive_phone_1=&#8221;inherit&#8221; order_laptop_1=&#8221;1&#8243; order_tablet_1=&#8221;1&#8243; order_phone_1=&#8221;1&#8243; column_padding_mobile=&#8221;on&#8221;][tm_pb_column type=&#8221;4_4&#8243;][tm_pb_text admin_label=&#8221;Text&#8221; text_orientation=&#8221;center&#8221; use_border_color=&#8221;off&#8221; border_color=&#8221;#ffffff&#8221; border_style=&#8221;solid&#8221;]<\/p>\n<h2><strong><b>Badania geofizyczne<\/b><\/strong><\/h2>\n<p>[\/tm_pb_text][\/tm_pb_column][\/tm_pb_row][tm_pb_row admin_label=&#8221;row&#8221;][tm_pb_column type=&#8221;2_3&#8243;][tm_pb_text admin_label=&#8221;Text&#8221; text_orientation=&#8221;left&#8221; disabled=&#8221;off&#8221; disabled_on=&#8221;off|off|off|off&#8221; use_border_color=&#8221;off&#8221; border_color=&#8221;#ffffff&#8221; border_style=&#8221;solid&#8221;]<\/p>\n<h2>Badania geofizyczne \u2013 czym s\u0105 i kiedy warto je wykona\u0107?<\/h2>\n<p>Badania geofizyczne powinny by\u0107 dodatkowo przeprowadzanymi badaniami dla wszystkich kategorii geotechnicznych, szczeg\u00f3lnie projektowanych w skomplikowanych warunkach gruntowych. Nie w ka\u017cdych warunkach jest mo\u017cliwo\u015b\u0107 oraz sens ich wykonania (np. g\u0119sta sie\u0107 uzbrojenia, du\u017ce deniwelacje terenu w postaci kopc\u00f3w i pryzm, brak mo\u017cliwo\u015bci uzyskania t\u0142a pomiarowego). Informacj\u0119 o mo\u017cliwo\u015bci wykonania uzyskaj\u0105 Pa\u0144stwo po naszej analizie terenu. Badaniami geofizycznymi s\u0105 metody: elektrooporowe, grawimetryczne, georadarowe, sejsmiczne itp. G\u0142\u00f3wnym celem ich wykonania jest <strong>rozpoznanie wszelkich anomalii, kt\u00f3re mog\u0105 zagra\u017ca\u0107 budynkowi<\/strong>. Dodatkowo dzi\u0119ki badaniom geofizycznym mo\u017cna uzyska\u0107 informacje zwi\u0105zane z warunkami hydrogeologicznymi oraz procesami, kt\u00f3re zachodz\u0105 wewn\u0105trz grunt\u00f3w. Badania geofizyczne pozwalaj\u0105 na zlokalizowanie: zjawisk krasowych, pustek spowodowanych przez p\u0142ytk\u0105 eksploatacj\u0119, a tak\u017ce uskok\u00f3w tektonicznych. Oznacza to, \u017ce dzi\u0119ki nim znalezione mog\u0105 by\u0107 os\u0142abienia gruntu, pustki oraz nieci\u0105g\u0142o\u015bci liniowe. <strong>S\u0105 one niezb\u0119dnym etapem wielu inwestycji budowlanych.<\/strong> Zalecane jest przeprowadzenie bada\u0144 geofizycznych przy skomplikowanych warunkach gruntowych przeprowadzenie bada\u0144 geofizycznych przed przyst\u0105pieniem do prac geologicznych na danym terenie.<\/p>\n<h2>W jakich przypadkach prowadzi si\u0119 badania geofizyczne gruntu?<\/h2>\n<p>Badania geofizyczne przeprowadzane s\u0105 <strong>na terenach przeznaczanych pod budow\u0119 nieruchomo\u015bci oraz dr\u00f3g<\/strong>. Szczeg\u00f3lnie istotne jest wykonanie ich przy szkodach g\u00f3rniczych, takich jak: p\u0142ytka eksploatacja g\u00f3rnicza oraz w rejonie wychodni uskok\u00f3w tektonicznych. Miastami, na kt\u00f3rych szkody g\u00f3rnicze stanowi\u0105 najwi\u0119ksze zagro\u017cenie geotechniczne to: Katowice, Chorz\u00f3w, Tarnowskie G\u00f3ry, Bytom, Jaworzno, Mys\u0142owice, L\u0119dziny, Sosnowiec, D\u0105browa G\u00f3rnicza, B\u0119dzin, Czelad\u017a, Piekary \u015al\u0105skie, Radzionk\u00f3w, Siemianowice \u015al\u0105skie, Ruda \u015al\u0105ska, Zabrze, \u015awi\u0119toch\u0142owice, Miko\u0142\u00f3w i \u0141aziska G\u00f3rne. W ca\u0142ej cz\u0119\u015bci po\u0142udniowej oraz w niekt\u00f3rych centralnych cz\u0119\u015bciach G\u00f3rnego \u015al\u0105ska wyst\u0119puj\u0105 tak\u017ce zagro\u017cenia osuwiskowe. Dodatkowo badania geofizyczne bardzo cz\u0119sto stosowane s\u0105 w celu <strong>poszukiwania wody pod studnie wszelkiego rodzaju, a tak\u017ce w przypadku ch\u0119ci zastosowania studni przemys\u0142owych<\/strong>. Wykonanie bada\u0144 geofizycznych grunt\u00f3w zaleca si\u0119 tak\u017ce podczas poszukiwania z\u0142\u00f3\u017c. Ponadto znajduj\u0105 zastosowanie podczas: badania ska\u017cenia grunt\u00f3w oraz w\u00f3d podziemnych, budowy zap\u00f3r oraz wa\u0142\u00f3w przeciwpowodziowych, a tak\u017ce bada\u0144 archeologicznych.<\/p>\n<h2>Jakie s\u0105 metody bada\u0144 geofizycznych?<\/h2>\n<p>W zale\u017cno\u015bci od po\u017c\u0105danych rezultat\u00f3w mo\u017cna stosowa\u0107 wiele zr\u00f3\u017cnicowanych metod bada\u0144 geofizycznych w\u00f3d oraz grunt\u00f3w. Do najpopularniejszych zaliczana jest stosowana przez nas <strong>metoda elektrooporowa<\/strong>, w kt\u00f3rej wykorzystywane jest sztucznie wzbudzone pole elektryczne do pomiaru w\u0142a\u015bciwo\u015bci elektrooporowych g\u00f3rotworu. Dodatkowo stosowane mog\u0105 by\u0107:<\/p>\n<ul>\n<li>metoda elektromagnetyczna wykorzystuj\u0105ca indukowane pole elektromagnetyczne,<\/li>\n<li>metoda georadarowa GPR bazuj\u0105ca na propagacji fali elektromagnetycznej,<\/li>\n<li>metoda grawimetryczna skupiona na zmianach nat\u0119\u017cenia si\u0142y ci\u0119\u017cko\u015bci,<\/li>\n<li>metoda sejsmiczna polegaj\u0105ca na badaniu sztucznie wytworzonych fal sejsmicznych.<\/li>\n<\/ul>\n<h2>Badania geofizyczne, elektrooporowe, georadarowe \u2013 zalety<\/h2>\n<p>Badania elektrooporowe oraz te prowadzone innymi metodami maj\u0105 szereg zalet. W\u015br\u00f3d najwa\u017cniejszych mo\u017cna wyr\u00f3\u017cni\u0107 quasi-ci\u0105g\u0142y charakter przyprowadzonych dzia\u0142a\u0144, a tak\u017ce ich nieinwazyjno\u015b\u0107. Dodatkowo warto zaznaczy\u0107, ze cz\u0119\u015b\u0107 pomiar\u00f3w mo\u017cna wykona\u0107 mobilnie. W\u015br\u00f3d zalet bada\u0144 geofizycznych warto wymieni\u0107 tak\u017ce to, \u017ce s\u0105 one przeprowadzane stosunkowo szybko. Warto podkre\u015bli\u0107, \u017ce do ich wykonania warto wybra\u0107 sprawdzon\u0105 firm\u0119. Da to gwarancj\u0119, \u017ce badania b\u0119d\u0105 przeprowadzone rzetelnie, a wydana dokumentacja b\u0119dzie wiarygodna, a bazowanie na niej nie wywo\u0142a negatywnych skutk\u00f3w w inwestycji. Najwa\u017cniejsz\u0105 zalet\u0105 dokumentatora (geofizyka) jest znajomo\u015b\u0107 wad i zalet ka\u017cdej z metod oraz umiej\u0119tno\u015b\u0107 ich dopasowania do danych warunk\u00f3w geologicznych. Sprawd\u017a, jak powinny wygl\u0105da\u0107 <a href=\"\/jak-dzialamy\/\">badania geofizyczne<\/a>. Warto podkre\u015bli\u0107, \u017ce nale\u017cy wykonywa\u0107 je w jak najszerszym mo\u017cliwym obszarze. Stanowi\u0105 one podstaw\u0119 do lokalizacji prac geologicznych i geotechnicznych.<\/p>\n<h2>Cena bada\u0144 geofizycznych gruntu<\/h2>\n<p>Us\u0142ugi geofizyczne <strong>wyceniane s\u0105 indywidualnie<\/strong> w zale\u017cno\u015bci od zakresu przeprowadzanych prac, metod dzia\u0142ania oraz lokalizacji i rozmiaru dzia\u0142ki. Zwykle, dla domu jednorodzinnego to koszt oko\u0142o 2500 z\u0142 netto. W celu sprawdzenia dok\u0142adnej ceny danego badania geofizycznego zach\u0119camy do kontaktu z firm\u0105 GEOdev.<\/p>\n<p>[\/tm_pb_text][\/tm_pb_column][tm_pb_column type=&quot;1_3&quot;][tm_pb_image admin_label=&quot;Image&quot; src=&quot;https:\/\/sigmanto.com\/wp-content\/uploads\/2021\/07\/wyniki-bada%C5%84-geofizycznych.png&quot; show_in_lightbox=&quot;on&quot; url_new_window=&quot;off&quot; use_overlay=&quot;off&quot; animation=&quot;left&quot; sticky=&quot;off&quot; align=&quot;left&quot; force_fullwidth=&quot;off&quot; always_center_on_mobile=&quot;on&quot; use_border_color=&quot;off&quot; border_color=&quot;#ffffff&quot; border_style=&quot;solid&quot;] [\/tm_pb_image][\/tm_pb_column][\/tm_pb_row][tm_pb_row admin_label=&quot;Row&quot; make_fullwidth=&quot;off&quot; use_custom_width=&quot;off&quot; use_grid_padding=&quot;on&quot; width_unit=&quot;on&quot; padding_mobile=&quot;off&quot; custom_margin=&quot;50px|||&quot; allow_player_pause=&quot;off&quot; parallax=&quot;off&quot; parallax_method=&quot;off&quot; make_equal=&quot;off&quot; parallax_1=&quot;off&quot; parallax_method_1=&quot;off&quot; vertical_alligment_1=&quot;start&quot; responsive_laptop_1=&quot;inherit&quot; responsive_tablet_1=&quot;inherit&quot; responsive_phone_1=&quot;inherit&quot; order_laptop_1=&quot;1&quot; order_tablet_1=&quot;1&quot; order_phone_1=&quot;1&quot; column_padding_mobile=&quot;on&quot;][tm_pb_column type=&quot;4_4&quot;][tm_pb_button admin_label=&quot;Button&quot; button_url=&quot;\/kontakt&quot; url_new_window=&quot;on&quot; button_text=&quot;Wi\u0119cej o badaniach geofizycznych dowiesz si\u0119 od specjalist\u00f3w.&quot; button_alignment=&quot;left&quot; custom_button=&quot;on&quot; button_letter_spacing=&quot;0&quot; button_use_icon=&quot;default&quot; button_icon_placement=&quot;right&quot; button_on_hover=&quot;on&quot; button_letter_spacing_hover=&quot;0&quot; button_text_size=&quot;25&quot;] [\/tm_pb_button][\/tm_pb_column][\/tm_pb_row][tm_pb_row admin_label=&quot;Row&quot;][\/tm_pb_row][\/tm_pb_section]<\/p>\n","protected":false},"excerpt":{"rendered":"<p>[tm_pb_section admin_label=&#8221;section&#8221;][tm_pb_row admin_label=&#8221;Row&#8221; make_fullwidth=&#8221;off&#8221; use_custom_width=&#8221;off&#8221; use_grid_padding=&#8221;on&#8221; width_unit=&#8221;on&#8221; padding_mobile=&#8221;off&#8221; custom_margin=&#8221;30px||50px|&#8221; allow_player_pause=&#8221;off&#8221; parallax=&#8221;off&#8221; parallax_method=&#8221;off&#8221; make_equal=&#8221;off&#8221; parallax_1=&#8221;off&#8221; parallax_method_1=&#8221;off&#8221; vertical_alligment_1=&#8221;start&#8221; responsive_laptop_1=&#8221;inherit&#8221; responsive_tablet_1=&#8221;inherit&#8221; responsive_phone_1=&#8221;inherit&#8221; order_laptop_1=&#8221;1&#8243; order_tablet_1=&#8221;1&#8243; order_phone_1=&#8221;1&#8243; column_padding_mobile=&#8221;on&#8221;][tm_pb_column type=&#8221;4_4&#8243;][tm_pb_text admin_label=&#8221;Text&#8221; text_orientation=&#8221;center&#8221; use_border_color=&#8221;off&#8221; border_color=&#8221;#ffffff&#8221; border_style=&#8221;solid&#8221;] Badania geofizyczne [\/tm_pb_text][\/tm_pb_column][\/tm_pb_row][tm_pb_row admin_label=&#8221;row&#8221;][tm_pb_column type=&#8221;2_3&#8243;][tm_pb_text admin_label=&#8221;Text&#8221; text_orientation=&#8221;left&#8221; disabled=&#8221;off&#8221; disabled_on=&#8221;off|off|off|off&#8221; use_border_color=&#8221;off&#8221; border_color=&#8221;#ffffff&#8221; border_style=&#8221;solid&#8221;] Badania geofizyczne \u2013 czym s\u0105 i kiedy warto je wykona\u0107? Badania geofizyczne powinny by\u0107 [&hellip;]<\/p>\n","protected":false},"author":1,"featured_media":0,"parent":0,"menu_order":0,"comment_status":"closed","ping_status":"closed","template":"","meta":{"footnotes":""},"class_list":["post-930","page","type-page","status-publish","hentry"],"_links":{"self":[{"href":"https:\/\/sigmanto.com\/index.php\/wp-json\/wp\/v2\/pages\/930","targetHints":{"allow":["GET"]}}],"collection":[{"href":"https:\/\/sigmanto.com\/index.php\/wp-json\/wp\/v2\/pages"}],"about":[{"href":"https:\/\/sigmanto.com\/index.php\/wp-json\/wp\/v2\/types\/page"}],"author":[{"embeddable":true,"href":"https:\/\/sigmanto.com\/index.php\/wp-json\/wp\/v2\/users\/1"}],"replies":[{"embeddable":true,"href":"https:\/\/sigmanto.com\/index.php\/wp-json\/wp\/v2\/comments?post=930"}],"version-history":[{"count":1,"href":"https:\/\/sigmanto.com\/index.php\/wp-json\/wp\/v2\/pages\/930\/revisions"}],"predecessor-version":[{"id":1820,"href":"https:\/\/sigmanto.com\/index.php\/wp-json\/wp\/v2\/pages\/930\/revisions\/1820"}],"wp:attachment":[{"href":"https:\/\/sigmanto.com\/index.php\/wp-json\/wp\/v2\/media?parent=930"}],"curies":[{"name":"wp","href":"https:\/\/api.w.org\/{rel}","templated":true}]}}